{"id":4613,"date":"2023-10-01T19:10:46","date_gmt":"2023-10-01T17:10:46","guid":{"rendered":"https:\/\/e-okulistyka.pl\/?page_id=4613"},"modified":"2023-10-01T19:10:46","modified_gmt":"2023-10-01T17:10:46","slug":"opieka-koordynowana-w-poz-okulistyka-s-c","status":"publish","type":"page","link":"https:\/\/testtest.dfirma.pl\/index.php\/opieka-koordynowana-w-poz-okulistyka-s-c\/","title":{"rendered":"Opieka Koordynowana w POZ OKULISTYKA S.C."},"content":{"rendered":"<p>[vc_row][vc_column][vc_custom_heading text=&#8221;Na czym polega?&#8221; use_theme_fonts=&#8221;yes&#8221; rs_decor_place=&#8221;2&#8243;][\/vc_custom_heading][vc_empty_space][\/vc_column][\/vc_row][vc_row][vc_column][vc_column_text]Opieka koordynowana to wiele mo\u017cliwo\u015bci diagnostycznych i leczenia najcz\u0119stszych chor\u00f3b przewlek\u0142ych ju\u017c u swojego lekarza rodzinnego. Lekarz POZ mo\u017ce zleci\u0107 Pacjentom badania (w sytuacjach medycznie uzasadnionych), kt\u00f3re do tej pory by\u0142y zarezerwowane dla lekarza specjalisty.<br \/>\nLeczenie jest oparte na Indywidualnym Planie Opieki Medycznej (IPOM) i uwzgl\u0119dnia nie tylko wykonywanie bada\u0144, ale tak\u017ce konsultacje mi\u0119dzy lekarzem POZ, a lekarzem specjalist\u0105 i dodatkowe konsultacje np. z dietetykiem. Opieka b\u0119dzie realizowana w Naszych Poradniach POZ: w Bychawie, w Lublinie oraz w Tworyczowie.<\/p>\n<p>[\/vc_column_text][vc_empty_space][\/vc_column][\/vc_row][vc_row][vc_column][vc_custom_heading text=&#8221;Kogo obejmuje?&#8221; use_theme_fonts=&#8221;yes&#8221; rs_decor_place=&#8221;2&#8243;][\/vc_custom_heading][vc_empty_space][\/vc_column][\/vc_row][vc_row][vc_column width=&#8221;2\/3&#8243;][vc_column_text]Opieka koordynowana jest dla pacjent\u00f3w ze schorzeniami z zakresu:<\/p>\n<ul>\n<li>kardiologii<\/li>\n<li>diabetologii<\/li>\n<li>chor\u00f3b p\u0142uc<\/li>\n<li>endokrynologii,<\/li>\n<\/ul>\n<p>na kt\u00f3re najcz\u0119\u015bciej choruj\u0105 Polacy.<br \/>\nW przypadku Pacjent\u00f3w, u kt\u00f3rych zdiagnozowano choroby z tych dziedzin, lekarz POZ przeprowadza kompleksow\u0105 porad\u0119 i ustala indywidualny plan leczenia.[\/vc_column_text][vc_empty_space][\/vc_column][vc_column width=&#8221;1\/3&#8243;][vc_single_image image=&#8221;4699&#8243; img_size=&#8221;full&#8221; alignment=&#8221;center&#8221;][\/vc_single_image][\/vc_column][\/vc_row][vc_row][vc_column][vc_custom_heading text=&#8221;Co zyskuje Pacjent?&#8221; use_theme_fonts=&#8221;yes&#8221; rs_decor_place=&#8221;2&#8243;][\/vc_custom_heading][vc_empty_space][\/vc_column][\/vc_row][vc_row][vc_column][vc_column_text]<\/p>\n<ul>\n<li>Wygod\u0119 &#8211; wi\u0119cej wizyt, bada\u0144 i konsultacji w jednym miejscu.<\/li>\n<li>Czas &#8211; wizyty, badania i konsultacje umawia dla Ciebie koordynator.<\/li>\n<li>Bezpiecze\u0144stwo &#8211; koordynator czuwa nad sprawn\u0105 realizacj\u0105 Twojego planu leczenia.<\/li>\n<li>Dost\u0119pno\u015b\u0107 &#8211; szerszy zakres bada\u0144 diagnostycznych i dost\u0119p do specjalist\u00f3w.<\/li>\n<li>Wiedz\u0119 &#8211; porady dietetyczne i edukacyjne z zakresu profilaktyki i Twojej choroby.<\/li>\n<\/ul>\n<p>[\/vc_column_text][vc_empty_space][\/vc_column][\/vc_row][vc_row][vc_column][vc_custom_heading text=&#8221;Wi\u0119cej bada\u0144 i dodatkowe porady&#8221; use_theme_fonts=&#8221;yes&#8221; rs_decor_place=&#8221;2&#8243;][\/vc_custom_heading][vc_empty_space][\/vc_column][\/vc_row][vc_row][vc_column width=&#8221;2\/3&#8243;][vc_column_text]Wprowadzenie opieki koordynowanej w POZ poszerza list\u0119 bada\u0144 diagnostycznych, kt\u00f3re mo\u017ce zleci\u0107 lekarz rodzinny. Chodzi m.in. o:<\/p>\n<ul>\n<li>pakiet bada\u0144 tarczycowych: antyTPO, antyTSHR, antyTG<\/li>\n<li>EKG wysi\u0142kowe<\/li>\n<li>Holter EKG (24, 48, 72 godz.)<\/li>\n<li>USG Doppler naczy\u0144 ko\u0144czyn dolnych<\/li>\n<li>ECHO serca.<\/li>\n<\/ul>\n<p>[\/vc_column_text][vc_empty_space][\/vc_column][vc_column width=&#8221;1\/3&#8243;][vc_single_image image=&#8221;4701&#8243; img_size=&#8221;full&#8221; alignment=&#8221;center&#8221;][\/vc_single_image][\/vc_column][\/vc_row][vc_row][vc_column][vc_column_text]Do tej pory na te badania kierowa\u0142 lekarz specjalista. Ponadto lekarz POZ mo\u017ce zleci\u0107 Pacjentowi (w sytuacji medycznie uzasadnionej) konsultacje z dietetykiem (przy rozpoznaniu np. cukrzycy) oraz konsultacje z lekarzem specjalist\u0105 z zakresu diabetologii, endokrynologii, kardiologii, pulmonologii lub alergologii. Poszerzenie katalogu bada\u0144 w POZ skraca czas potrzebny na wykonanie diagnostyki, pozwala na szybsze postawienie diagnozy i wprowadzenie w\u0142a\u015bciwego leczenia.<\/p>\n<p>[\/vc_column_text][vc_empty_space][\/vc_column][\/vc_row][vc_row][vc_column][vc_custom_heading text=&#8221;Przychodzi lekarz do lekarza&#8221; use_theme_fonts=&#8221;yes&#8221; rs_decor_place=&#8221;2&#8243;][\/vc_custom_heading][vc_empty_space][\/vc_column][\/vc_row][vc_row][vc_column width=&#8221;2\/3&#8243;][vc_column_text]Nowym rozwi\u0105zaniem, jest mo\u017cliwo\u015b\u0107 konsultowania stanu zdrowia Pacjenta przez lekarza POZ z lekarzem specjalist\u0105. Konsultacje lekarskie s\u0105 prowadzone r\u00f3wnie\u017c zdalnie. Bezpo\u015brednie om\u00f3wienie wynik\u00f3w bada\u0144 Pacjenta i dalszego przebiegu leczenia mi\u0119dzy lekarzami, wp\u0142ywa na wi\u0119ksz\u0105 skuteczno\u015b\u0107 terapii i bezpiecze\u0144stwo Pacjenta.<\/p>\n<p>[\/vc_column_text][vc_empty_space][\/vc_column][vc_column width=&#8221;1\/3&#8243;][vc_single_image image=&#8221;4700&#8243; img_size=&#8221;full&#8221; alignment=&#8221;center&#8221;][\/vc_single_image][\/vc_column][\/vc_row][vc_row][vc_column][vc_custom_heading text=&#8221;Przewodnikiem Pacjenta jest koordynator&#8221; use_theme_fonts=&#8221;yes&#8221; rs_decor_place=&#8221;2&#8243;][\/vc_custom_heading][vc_empty_space][\/vc_column][\/vc_row][vc_row][vc_column][vc_column_text]Koordynator opieki w POZ po raz pierwszy pojawi\u0142 si\u0119 w pa\u017adzierniku 2021 r. Wtedy zadania koordynatora skupia\u0142y si\u0119 na dzia\u0142aniach profilaktycznych.<br \/>\nOpieka koordynowana wzmacnia rol\u0119 koordynatora, kt\u00f3ry dba m.in. o lepsz\u0105 komunikacj\u0119 na linii lekarz \u2013 Pacjent, szczeg\u00f3\u0142owo informuje pacjenta o kolejnych etapach leczenia, wsp\u00f3\u0142pracuje z osobami, kt\u00f3re udzielaj\u0105 \u015bwiadcze\u0144 medycznych w ramach opieki koordynowanej. [\/vc_column_text][vc_empty_space][\/vc_column][\/vc_row][vc_row][vc_column][vc_custom_heading text=&#8221;Kontakt z koordynatorem&#8221; use_theme_fonts=&#8221;yes&#8221; rs_decor_place=&#8221;2&#8243;][\/vc_custom_heading][vc_empty_space][\/vc_column][\/vc_row][vc_row][vc_column][vc_column_text]<\/p>\n<ul class=\"icn-list-lg\">\n<li>[medin_icon icon=&#8221;icon-user-4&#8243;]Sulowska Magdalena<\/li>\n<li>[medin_icon icon=&#8221;icon-telephone-1&#8243;]Telefon: <span class=\"theme-color\"><span class=\"text-nowrap\">697 033 002<\/span><\/span><\/li>\n<li>od Poniedzia\u0142ku do Pi\u0105tku w godzinach 8.00- 15.00<\/li>\n<li>[medin_icon icon=&#8221;icon-black-envelope&#8221;]<a href=\"mailto:magda.sulowska@e-okulistyka.pl\">magda.sulowska@e-okulistyka.pl<\/a><\/li>\n<\/ul>\n<p>[\/vc_column_text][vc_empty_space][\/vc_column][\/vc_row][vc_row][vc_column width=&#8221;1\/3&#8243;][\/vc_column][vc_column width=&#8221;1\/3&#8243;][contact-form-7 id=&#8221;4664&#8243;][\/vc_column][vc_column width=&#8221;1\/3&#8243;][\/vc_column][\/vc_row]<\/p>\n","protected":false},"excerpt":{"rendered":"<p>[vc_row][vc_column][vc_custom_heading text=&#8221;Na czym polega?&#8221; use_theme_fonts=&#8221;yes&#8221; rs_decor_place=&#8221;2&#8243;][\/vc_custom_heading][vc_empty_space][\/vc_column][\/vc_row][vc_row][vc_column][vc_column_text]Opieka koordynowana to wiele mo\u017cliwo\u015bci diagnostycznych i leczenia najcz\u0119stszych chor\u00f3b przewlek\u0142ych ju\u017c u swojego lekarza rodzinnego. Lekarz POZ mo\u017ce zleci\u0107 Pacjentom badania (w sytuacjach medycznie uzasadnionych), kt\u00f3re do tej pory by\u0142y zarezerwowane dla lekarza specjalisty. Leczenie jest oparte na Indywidualnym Planie Opieki Medycznej (IPOM) i uwzgl\u0119dnia nie tylko wykonywanie bada\u0144, [&hellip;]<\/p>\n","protected":false},"author":2,"featured_media":0,"parent":0,"menu_order":0,"comment_status":"closed","ping_status":"closed","template":"custompagett.php","meta":{"footnotes":""},"class_list":["post-4613","page","type-page","status-publish","hentry"],"_links":{"self":[{"href":"https:\/\/testtest.dfirma.pl\/index.php\/wp-json\/wp\/v2\/pages\/4613","targetHints":{"allow":["GET"]}}],"collection":[{"href":"https:\/\/testtest.dfirma.pl\/index.php\/wp-json\/wp\/v2\/pages"}],"about":[{"href":"https:\/\/testtest.dfirma.pl\/index.php\/wp-json\/wp\/v2\/types\/page"}],"author":[{"embeddable":true,"href":"https:\/\/testtest.dfirma.pl\/index.php\/wp-json\/wp\/v2\/users\/2"}],"replies":[{"embeddable":true,"href":"https:\/\/testtest.dfirma.pl\/index.php\/wp-json\/wp\/v2\/comments?post=4613"}],"version-history":[{"count":0,"href":"https:\/\/testtest.dfirma.pl\/index.php\/wp-json\/wp\/v2\/pages\/4613\/revisions"}],"wp:attachment":[{"href":"https:\/\/testtest.dfirma.pl\/index.php\/wp-json\/wp\/v2\/media?parent=4613"}],"curies":[{"name":"wp","href":"https:\/\/api.w.org\/{rel}","templated":true}]}}

<p>[vc_row][vc_column][vc_custom_heading text=&#8221;Na czym polega?&#8221; use_theme_fonts=&#8221;yes&#8221; rs_decor_place=&#8221;2&#8243;][/vc_custom_heading][vc_empty_space][/vc_column][/vc_row][vc_row][vc_column][vc_column_text]Opieka koordynowana to wiele możliwości diagnostycznych i leczenia najczęstszych chorób przewlekłych już u swojego lekarza rodzinnego. Lekarz POZ może zlecić Pacjentom badania (w sytuacjach medycznie uzasadnionych), które do tej pory były zarezerwowane dla lekarza specjalisty.<br />
Leczenie jest oparte na Indywidualnym Planie Opieki Medycznej (IPOM) i uwzględnia nie tylko wykonywanie badań, ale także konsultacje między lekarzem POZ, a lekarzem specjalistą i dodatkowe konsultacje np. z dietetykiem. Opieka będzie realizowana w Naszych Poradniach POZ: w Bychawie, w Lublinie oraz w Tworyczowie.</p>
<p>[/vc_column_text][vc_empty_space][/vc_column][/vc_row][vc_row][vc_column][vc_custom_heading text=&#8221;Kogo obejmuje?&#8221; use_theme_fonts=&#8221;yes&#8221; rs_decor_place=&#8221;2&#8243;][/vc_custom_heading][vc_empty_space][/vc_column][/vc_row][vc_row][vc_column width=&#8221;2/3&#8243;][vc_column_text]Opieka koordynowana jest dla pacjentów ze schorzeniami z zakresu:</p>
<ul>
<li>kardiologii</li>
<li>diabetologii</li>
<li>chorób płuc</li>
<li>endokrynologii,</li>
</ul>
<p>na które najczęściej chorują Polacy.<br />
W przypadku Pacjentów, u których zdiagnozowano choroby z tych dziedzin, lekarz POZ przeprowadza kompleksową poradę i ustala indywidualny plan leczenia.[/vc_column_text][vc_empty_space][/vc_column][vc_column width=&#8221;1/3&#8243;][vc_single_image image=&#8221;4699&#8243; img_size=&#8221;full&#8221; alignment=&#8221;center&#8221;][/vc_single_image][/vc_column][/vc_row][vc_row][vc_column][vc_custom_heading text=&#8221;Co zyskuje Pacjent?&#8221; use_theme_fonts=&#8221;yes&#8221; rs_decor_place=&#8221;2&#8243;][/vc_custom_heading][vc_empty_space][/vc_column][/vc_row][vc_row][vc_column][vc_column_text]</p>
<ul>
<li>Wygodę &#8211; więcej wizyt, badań i konsultacji w jednym miejscu.</li>
<li>Czas &#8211; wizyty, badania i konsultacje umawia dla Ciebie koordynator.</li>
<li>Bezpieczeństwo &#8211; koordynator czuwa nad sprawną realizacją Twojego planu leczenia.</li>
<li>Dostępność &#8211; szerszy zakres badań diagnostycznych i dostęp do specjalistów.</li>
<li>Wiedzę &#8211; porady dietetyczne i edukacyjne z zakresu profilaktyki i Twojej choroby.</li>
</ul>
<p>[/vc_column_text][vc_empty_space][/vc_column][/vc_row][vc_row][vc_column][vc_custom_heading text=&#8221;Więcej badań i dodatkowe porady&#8221; use_theme_fonts=&#8221;yes&#8221; rs_decor_place=&#8221;2&#8243;][/vc_custom_heading][vc_empty_space][/vc_column][/vc_row][vc_row][vc_column width=&#8221;2/3&#8243;][vc_column_text]Wprowadzenie opieki koordynowanej w POZ poszerza listę badań diagnostycznych, które może zlecić lekarz rodzinny. Chodzi m.in. o:</p>
<ul>
<li>pakiet badań tarczycowych: antyTPO, antyTSHR, antyTG</li>
<li>EKG wysiłkowe</li>
<li>Holter EKG (24, 48, 72 godz.)</li>
<li>USG Doppler naczyń kończyn dolnych</li>
<li>ECHO serca.</li>
</ul>
<p>[/vc_column_text][vc_empty_space][/vc_column][vc_column width=&#8221;1/3&#8243;][vc_single_image image=&#8221;4701&#8243; img_size=&#8221;full&#8221; alignment=&#8221;center&#8221;][/vc_single_image][/vc_column][/vc_row][vc_row][vc_column][vc_column_text]Do tej pory na te badania kierował lekarz specjalista. Ponadto lekarz POZ może zlecić Pacjentowi (w sytuacji medycznie uzasadnionej) konsultacje z dietetykiem (przy rozpoznaniu np. cukrzycy) oraz konsultacje z lekarzem specjalistą z zakresu diabetologii, endokrynologii, kardiologii, pulmonologii lub alergologii. Poszerzenie katalogu badań w POZ skraca czas potrzebny na wykonanie diagnostyki, pozwala na szybsze postawienie diagnozy i wprowadzenie właściwego leczenia.</p>
<p>[/vc_column_text][vc_empty_space][/vc_column][/vc_row][vc_row][vc_column][vc_custom_heading text=&#8221;Przychodzi lekarz do lekarza&#8221; use_theme_fonts=&#8221;yes&#8221; rs_decor_place=&#8221;2&#8243;][/vc_custom_heading][vc_empty_space][/vc_column][/vc_row][vc_row][vc_column width=&#8221;2/3&#8243;][vc_column_text]Nowym rozwiązaniem, jest możliwość konsultowania stanu zdrowia Pacjenta przez lekarza POZ z lekarzem specjalistą. Konsultacje lekarskie są prowadzone również zdalnie. Bezpośrednie omówienie wyników badań Pacjenta i dalszego przebiegu leczenia między lekarzami, wpływa na większą skuteczność terapii i bezpieczeństwo Pacjenta.</p>
<p>[/vc_column_text][vc_empty_space][/vc_column][vc_column width=&#8221;1/3&#8243;][vc_single_image image=&#8221;4700&#8243; img_size=&#8221;full&#8221; alignment=&#8221;center&#8221;][/vc_single_image][/vc_column][/vc_row][vc_row][vc_column][vc_custom_heading text=&#8221;Przewodnikiem Pacjenta jest koordynator&#8221; use_theme_fonts=&#8221;yes&#8221; rs_decor_place=&#8221;2&#8243;][/vc_custom_heading][vc_empty_space][/vc_column][/vc_row][vc_row][vc_column][vc_column_text]Koordynator opieki w POZ po raz pierwszy pojawił się w październiku 2021 r. Wtedy zadania koordynatora skupiały się na działaniach profilaktycznych.<br />
Opieka koordynowana wzmacnia rolę koordynatora, który dba m.in. o lepszą komunikację na linii lekarz – Pacjent, szczegółowo informuje pacjenta o kolejnych etapach leczenia, współpracuje z osobami, które udzielają świadczeń medycznych w ramach opieki koordynowanej. [/vc_column_text][vc_empty_space][/vc_column][/vc_row][vc_row][vc_column][vc_custom_heading text=&#8221;Kontakt z koordynatorem&#8221; use_theme_fonts=&#8221;yes&#8221; rs_decor_place=&#8221;2&#8243;][/vc_custom_heading][vc_empty_space][/vc_column][/vc_row][vc_row][vc_column][vc_column_text]</p>
<ul class="icn-list-lg">
<li>[medin_icon icon=&#8221;icon-user-4&#8243;]Sulowska Magdalena</li>
<li>[medin_icon icon=&#8221;icon-telephone-1&#8243;]Telefon: <span class="theme-color"><span class="text-nowrap">697 033 002</span></span></li>
<li>od Poniedziałku do Piątku w godzinach 8.00- 15.00</li>
<li>[medin_icon icon=&#8221;icon-black-envelope&#8221;]<a href="mailto:magda.sulowska@e-okulistyka.pl">magda.sulowska@e-okulistyka.pl</a></li>
</ul>
<p>[/vc_column_text][vc_empty_space][/vc_column][/vc_row][vc_row][vc_column width=&#8221;1/3&#8243;][/vc_column][vc_column width=&#8221;1/3&#8243;][contact-form-7 id=&#8221;4664&#8243;][/vc_column][vc_column width=&#8221;1/3&#8243;][/vc_column][/vc_row]</p>

<p>[vc_row][vc_column][vc_custom_heading text=&#8221;Na czym polega?&#8221; use_theme_fonts=&#8221;yes&#8221; rs_decor_place=&#8221;2&#8243;][/vc_custom_heading][vc_empty_space][/vc_column][/vc_row][vc_row][vc_column][vc_column_text]Opieka koordynowana to wiele możliwości diagnostycznych i leczenia najczęstszych chorób przewlekłych już u swojego lekarza rodzinnego. Lekarz POZ może zlecić Pacjentom badania (w sytuacjach medycznie uzasadnionych), które do tej pory były zarezerwowane dla lekarza specjalisty. Leczenie jest oparte na Indywidualnym Planie Opieki Medycznej (IPOM) i uwzględnia nie tylko wykonywanie badań, [&hellip;]</p>
