{"id":4289,"date":"2023-04-13T13:31:34","date_gmt":"2023-04-13T11:31:34","guid":{"rendered":"https:\/\/e-okulistyka.pl\/?page_id=4289"},"modified":"2023-04-13T13:31:34","modified_gmt":"2023-04-13T11:31:34","slug":"nowy-adres-poradni-okulistycznej-w-bychawie","status":"publish","type":"page","link":"https:\/\/testtest.dfirma.pl\/index.php\/nowy-adres-poradni-okulistycznej-w-bychawie\/","title":{"rendered":"Nowy adres Poradni Okulistycznej w Bychawie"},"content":{"rendered":"<p>[vc_row rsclass=&#8221;clean&#8221;][vc_column][vc_column_text]Szanowny Pacjencie,<\/p>\n<p>Informujemy, \u017ce od poniedzia\u0142ku 17.04.2023 Poradnia Okulistyczna, Salon Optyczny, Poradnia Chirurga Naczyniowego oraz Poradnia Ortopedyczna b\u0119dzie udziela\u0142a \u015bwiadcze\u0144 zdrowotnych pod nowym adresem &#8211; <strong>ul. Pi\u0142sudskiego 63 (I pi\u0119tro)<\/strong> w Bychawie &#8211; wej\u015bcie przez Poradni\u0119 POZ OKULISTYKA S.C.<\/p>\n<p>Rejestracja okulistyczna oraz gabinety lekarskie znajduj\u0105 si\u0119 na pierwszym pi\u0119trze. <strong>Telefon do rejestracji pozostaje bez zmian.<\/strong><br \/>\nZapraszamy!!!<\/p>\n<p>[\/vc_column_text][vc_empty_space][\/vc_column][\/vc_row][vc_row][vc_column][vc_gmaps link=&#8221;#E-8_JTNDaWZyYW1lJTIwc3JjJTNEJTIyaHR0cHMlM0ElMkYlMkZ3d3cuZ29vZ2xlLmNvbSUyRm1hcHMlMkZlbWJlZCUzRnBiJTNEJTIxMW0xOCUyMTFtMTIlMjExbTMlMjExZDI1MTAuMTMxNDM4MDY0NTM0JTIxMmQyMi41MzY3MTQ2MTU3NTE5MTUlMjEzZDUxLjAxMzcyMDU3OTU1NzA0NSUyMTJtMyUyMTFmMCUyMTJmMCUyMTNmMCUyMTNtMiUyMTFpMTAyNCUyMTJpNzY4JTIxNGYxMy4xJTIxM20zJTIxMW0yJTIxMXMweDQ3MjJmY2QzNWRkYzJjM2QlMjUzQTB4MTE5ZTE1MDM1NjNiNTg1NCUyMTJzT0tVTElTVFlLQSUyNTIwcy5jLiUyNTIwQnljaGF3YSUyNTIwLSUyNTIwb2t1bGlzdGElMjUyQyUyNTIwb3B0eWslMjUyQyUyNTIwaW5pZWtjamUlMjUyMEFNRCUyNTJDJTI1MjBORlouJTI1MjBQb3JhZG5pYSUyNTIwT2t1bGlzdHljem5hJTIxNWUwJTIxM20yJTIxMXNwbCUyMTJzcGwlMjE0djE2ODE2NDc4Mjc1ODMlMjE1bTIlMjExc3BsJTIxMnNwbCUyMiUyMHdpZHRoJTNEJTIyNjAwJTIyJTIwaGVpZ2h0JTNEJTIyNDUwJTIyJTIwc3R5bGUlM0QlMjJib3JkZXIlM0EwJTNCJTIyJTIwYWxsb3dmdWxsc2NyZWVuJTNEJTIyJTIyJTIwbG9hZGluZyUzRCUyMmxhenklMjIlMjByZWZlcnJlcnBvbGljeSUzRCUyMm5vLXJlZmVycmVyLXdoZW4tZG93bmdyYWRlJTIyJTNFJTNDJTJGaWZyYW1lJTNF&#8221;][vc_empty_space][\/vc_column][\/vc_row][vc_row][vc_column][cq_vc_hotspot image=&#8221;4715&#8243; islightbox=&#8221;yes&#8221; circlecolor=&#8221;#4ae520&#8243; ispulse=&#8221;yes&#8221; opacity=&#8221;2&#8243; tooltipanimation=&#8221;fade&#8221; custom_links_target=&#8221;_blank&#8221; position=&#8221;50%|90%,42%|26%,48%|60%,45%|74%,35%|30%&#8221;][hotspotitem]<br \/>\nParking osiedlowy<br \/>\n[\/hotspotitem]<br \/>\n[hotspotitem]<br \/>\nPunkt Pobra\u0144 LUXMED<br \/>\n[\/hotspotitem]<br \/>\n[hotspotitem]<br \/>\nPoradnia POZ<br \/>\n[\/hotspotitem]<br \/>\n[hotspotitem]<br \/>\nPoradnie Specjalistyczne &#8211; Poradnia Okulistyczna, Poradnia Chirurgi Naczyniowej, Poradnia Ortopedyczna<br \/>\n[\/hotspotitem]<br \/>\n[hotspotitem]<br \/>\nSalon Optyczny<br \/>\n[\/hotspotitem][\/cq_vc_hotspot][\/vc_column][\/vc_row]<\/p>\n","protected":false},"excerpt":{"rendered":"<p>[vc_row rsclass=&#8221;clean&#8221;][vc_column][vc_column_text]Szanowny Pacjencie, Informujemy, \u017ce od poniedzia\u0142ku 17.04.2023 Poradnia Okulistyczna, Salon Optyczny, Poradnia Chirurga Naczyniowego oraz Poradnia Ortopedyczna b\u0119dzie udziela\u0142a \u015bwiadcze\u0144 zdrowotnych pod nowym adresem &#8211; ul. Pi\u0142sudskiego 63 (I pi\u0119tro) w Bychawie &#8211; wej\u015bcie przez Poradni\u0119 POZ OKULISTYKA S.C. Rejestracja okulistyczna oraz gabinety lekarskie znajduj\u0105 si\u0119 na pierwszym pi\u0119trze. Telefon do rejestracji pozostaje bez [&hellip;]<\/p>\n","protected":false},"author":2,"featured_media":0,"parent":0,"menu_order":0,"comment_status":"closed","ping_status":"closed","template":"custompagett.php","meta":{"footnotes":""},"class_list":["post-4289","page","type-page","status-publish","hentry"],"_links":{"self":[{"href":"https:\/\/testtest.dfirma.pl\/index.php\/wp-json\/wp\/v2\/pages\/4289","targetHints":{"allow":["GET"]}}],"collection":[{"href":"https:\/\/testtest.dfirma.pl\/index.php\/wp-json\/wp\/v2\/pages"}],"about":[{"href":"https:\/\/testtest.dfirma.pl\/index.php\/wp-json\/wp\/v2\/types\/page"}],"author":[{"embeddable":true,"href":"https:\/\/testtest.dfirma.pl\/index.php\/wp-json\/wp\/v2\/users\/2"}],"replies":[{"embeddable":true,"href":"https:\/\/testtest.dfirma.pl\/index.php\/wp-json\/wp\/v2\/comments?post=4289"}],"version-history":[{"count":0,"href":"https:\/\/testtest.dfirma.pl\/index.php\/wp-json\/wp\/v2\/pages\/4289\/revisions"}],"wp:attachment":[{"href":"https:\/\/testtest.dfirma.pl\/index.php\/wp-json\/wp\/v2\/media?parent=4289"}],"curies":[{"name":"wp","href":"https:\/\/api.w.org\/{rel}","templated":true}]}}