{"id":4081,"date":"2022-11-27T11:40:36","date_gmt":"2022-11-27T10:40:36","guid":{"rendered":"https:\/\/e-okulistyka.pl\/?page_id=4081"},"modified":"2022-11-27T11:40:36","modified_gmt":"2022-11-27T10:40:36","slug":"poradnia-ortopedii-i-traumatologii-narzadu-ruchu","status":"publish","type":"page","link":"https:\/\/testtest.dfirma.pl\/index.php\/poradnia-ortopedii-i-traumatologii-narzadu-ruchu\/","title":{"rendered":"Poradnia ortopedii i traumatologii narz\u0105du ruchu"},"content":{"rendered":"<p>[vc_row][vc_column][vc_empty_space height=&#8221;64px&#8221;][vc_custom_heading text=&#8221;lek. Bart\u0142omiej Sie\u0144ko &#8211; specjalista ortopedii i traumatologii narz\u0105du ruchu &#8211; Bychawa, Tomasz\u00f3w Lubelski&#8221; use_theme_fonts=&#8221;yes&#8221; rs_decor_place=&#8221;2&#8243;][\/vc_custom_heading][vc_empty_space height=&#8221;64px&#8221;][vc_column_text]Absolwent II Wydzia\u0142u Lekarskiego Uniwersytetu Medycznego w Lublinie, cz\u0142onek Polskiego Towarzystwa Ortopedycznego i Traumatologicznego. Od 2015 roku pracuje w Oddziale Urazowo-Ortopedycznym w Janowie Lubelskim; pocz\u0105tkowo jako lekarz rezydent, a obecnie na stanowisku lekarza specjalisty. Uczestnik licznych kurs\u00f3w doskonal\u0105cych i specjalistycznych w dziedzinie ortopedii i traumatologii.<br \/>\nZajmuje si\u0119 diagnostyk\u0105 i leczeniem schorze\u0144 uk\u0142adu ruchu oraz kwalifikacj\u0105 do leczenia operacyjnego. Swoje do\u015bwiadczenie zawodowe zebra\u0142 zar\u00f3wno w pracy szpitalnej jak i udzielaj\u0105c porad w lecznictwie ambulatoryjnym.<\/p>\n<p>Udziela porad ortopedycznych szczeg\u00f3lnie w zakresie:<\/p>\n<ul>\n<li>leczenia operacyjnego i nieoperacyjnego choroby zwyrodnieniowej staw\u00f3w biodrowych i kolanowych<\/li>\n<li>leczenia uraz\u00f3w w obr\u0119bie narz\u0105du ruchu &#8211; skr\u0119cenia, z\u0142amania, deformacje pourazowe<\/li>\n<li>tendinopatii: \u0142okie\u0107 tenisisty, ostroga pi\u0119towa, kolano skoczka<\/li>\n<li>leczenia zespo\u0142\u00f3w uciskowych nerw\u00f3w obwodowych &#8211; zesp\u00f3\u0142 cie\u015bni nadgarstka, zesp\u00f3\u0142 Guyona, zesp\u00f3\u0142 rowka nerwu \u0142okciowego<\/li>\n<li>iniekcji, ostrzykni\u0119\u0107 i blokad pod kontrol\u0105 aparatu USG<\/li>\n<li>iniekcje PRP &#8211; osocze bogatop\u0142ytkowe.<\/li>\n<\/ul>\n<p>W swojej pracy zawsze stara si\u0119 stworzy\u0107 jak najlepszy kontakt z Pacjentem, a w stosowanej terapii wykorzystuje najnowocze\u015bniejsze osi\u0105gni\u0119cia medycyny i nowoczesne metody terapeutyczne.[\/vc_column_text][\/vc_column][\/vc_row][vc_row][vc_column][vc_empty_space height=&#8221;64px&#8221;][vc_custom_heading text=&#8221;Wizyty w Poradni ortopedii i traumatologii narz\u0105du ruchu&#8221; use_theme_fonts=&#8221;yes&#8221; rs_decor_place=&#8221;2&#8243;][\/vc_custom_heading][vc_empty_space height=&#8221;64px&#8221;][\/vc_column][\/vc_row][vc_row][vc_column width=&#8221;1\/2&#8243;][vc_column_text]<\/p>\n<ul class=\"icn-list-lg\">\n<li>[medin_icon icon=&#8221;icon-placeholder-for-map-1&#8243;]ul. Wyspia\u0144skiego 23, 22-600 Tomasz\u00f3w Lubelski<\/li>\n<li>[medin_icon icon=&#8221;icon-telephone-1&#8243;]Telefon: <span class=\"theme-color\"><span class=\"text-nowrap\">84-618-33-62<\/span><\/span><\/li>\n<li>[medin_icon icon=&#8221;icon-telephone-1&#8243;]Telefon: <span class=\"theme-color\"><span class=\"text-nowrap\">84-641-37-03<\/span><\/span><\/li>\n<li>[medin_icon icon=&#8221;icon-black-envelope&#8221;]<a href=\"mailto:tomaszowlubelski@e-okulistyka.pl\">tomaszowlubelski@e-okulistyka.pl<\/a><\/li>\n<li>[medin_icon icon=&#8221;icon-icon-3&#8243;]\n<div>\n<div class=\"d-flex\">Poniedzia\u0142ek &#8211; Czwartek<span class=\"ml-auto theme-color\">7:00 &#8211; 15:00<\/span><\/div>\n<div class=\"d-flex\">Pi\u0105tek<span class=\"ml-auto theme-color\">7:00 &#8211; 19:00<\/span><\/div>\n<div class=\"d-flex\">Sobota<span class=\"ml-auto theme-color\">nieczynne<\/span><\/div>\n<div class=\"d-flex\">Niedziela<span class=\"ml-auto theme-color\">nieczynne<\/span><\/div>\n<\/div>\n<\/li>\n<\/ul>\n<p>[\/vc_column_text][\/vc_column][vc_column width=&#8221;1\/2&#8243;][vc_column_text]<\/p>\n<ul class=\"icn-list-lg\">\n<li>[medin_icon icon=&#8221;icon-placeholder-for-map-1&#8243;]ul. Pi\u0142sudskiego 63, 23-100 Bychawa<\/li>\n<li>[medin_icon icon=&#8221;icon-telephone-1&#8243;]Telefon: <span class=\"theme-color\"><span class=\"text-nowrap\">81-566-27-97<\/span><\/span><\/li>\n<li>[medin_icon icon=&#8221;icon-black-envelope&#8221;]<a href=\"mailto:bychawa@e-okulistyka.pl\">bychawa@e-okulistyka.pl<\/a><\/li>\n<li>[medin_icon icon=&#8221;icon-icon-3&#8243;]\n<div>\n<div class=\"d-flex\">Poniedzia\u0142ek &#8211; Pi\u0105tek<span class=\"ml-auto theme-color\">7:00 &#8211; 15:00<\/span><\/div>\n<div class=\"d-flex\">Sobota<span class=\"ml-auto theme-color\">nieczynne<\/span><\/div>\n<div class=\"d-flex\">Niedziela<span class=\"ml-auto theme-color\">nieczynne<\/span><\/div>\n<\/div>\n<\/li>\n<\/ul>\n<p>[\/vc_column_text][\/vc_column][\/vc_row]<\/p>\n","protected":false},"excerpt":{"rendered":"<p>[vc_row][vc_column][vc_empty_space height=&#8221;64px&#8221;][vc_custom_heading text=&#8221;lek. Bart\u0142omiej Sie\u0144ko &#8211; specjalista ortopedii i traumatologii narz\u0105du ruchu &#8211; Bychawa, Tomasz\u00f3w Lubelski&#8221; use_theme_fonts=&#8221;yes&#8221; rs_decor_place=&#8221;2&#8243;][\/vc_custom_heading][vc_empty_space height=&#8221;64px&#8221;][vc_column_text]Absolwent II Wydzia\u0142u Lekarskiego Uniwersytetu Medycznego w Lublinie, cz\u0142onek Polskiego Towarzystwa Ortopedycznego i Traumatologicznego. Od 2015 roku pracuje w Oddziale Urazowo-Ortopedycznym w Janowie Lubelskim; pocz\u0105tkowo jako lekarz rezydent, a obecnie na stanowisku lekarza specjalisty. Uczestnik licznych kurs\u00f3w [&hellip;]<\/p>\n","protected":false},"author":2,"featured_media":0,"parent":0,"menu_order":0,"comment_status":"closed","ping_status":"closed","template":"custompagett.php","meta":{"footnotes":""},"class_list":["post-4081","page","type-page","status-publish","hentry"],"_links":{"self":[{"href":"https:\/\/testtest.dfirma.pl\/index.php\/wp-json\/wp\/v2\/pages\/4081","targetHints":{"allow":["GET"]}}],"collection":[{"href":"https:\/\/testtest.dfirma.pl\/index.php\/wp-json\/wp\/v2\/pages"}],"about":[{"href":"https:\/\/testtest.dfirma.pl\/index.php\/wp-json\/wp\/v2\/types\/page"}],"author":[{"embeddable":true,"href":"https:\/\/testtest.dfirma.pl\/index.php\/wp-json\/wp\/v2\/users\/2"}],"replies":[{"embeddable":true,"href":"https:\/\/testtest.dfirma.pl\/index.php\/wp-json\/wp\/v2\/comments?post=4081"}],"version-history":[{"count":0,"href":"https:\/\/testtest.dfirma.pl\/index.php\/wp-json\/wp\/v2\/pages\/4081\/revisions"}],"wp:attachment":[{"href":"https:\/\/testtest.dfirma.pl\/index.php\/wp-json\/wp\/v2\/media?parent=4081"}],"curies":[{"name":"wp","href":"https:\/\/api.w.org\/{rel}","templated":true}]}}

Poradnia ortopedii i traumatologii narządu ruchu

<p>[vc_row][vc_column][vc_empty_space height=&#8221;64px&#8221;][vc_custom_heading text=&#8221;lek. Bartłomiej Sieńko &#8211; specjalista ortopedii i traumatologii narządu ruchu &#8211; Bychawa, Tomaszów Lubelski&#8221; use_theme_fonts=&#8221;yes&#8221; rs_decor_place=&#8221;2&#8243;][/vc_custom_heading][vc_empty_space height=&#8221;64px&#8221;][vc_column_text]Absolwent II Wydziału Lekarskiego Uniwersytetu Medycznego w Lublinie, członek Polskiego Towarzystwa Ortopedycznego i Traumatologicznego. Od 2015 roku pracuje w Oddziale Urazowo-Ortopedycznym w Janowie Lubelskim; początkowo jako lekarz rezydent, a obecnie na stanowisku lekarza specjalisty. Uczestnik licznych kursów doskonalących i specjalistycznych w dziedzinie ortopedii i traumatologii.<br />
Zajmuje się diagnostyką i leczeniem schorzeń układu ruchu oraz kwalifikacją do leczenia operacyjnego. Swoje doświadczenie zawodowe zebrał zarówno w pracy szpitalnej jak i udzielając porad w lecznictwie ambulatoryjnym.</p>
<p>Udziela porad ortopedycznych szczególnie w zakresie:</p>
<ul>
<li>leczenia operacyjnego i nieoperacyjnego choroby zwyrodnieniowej stawów biodrowych i kolanowych</li>
<li>leczenia urazów w obrębie narządu ruchu &#8211; skręcenia, złamania, deformacje pourazowe</li>
<li>tendinopatii: łokieć tenisisty, ostroga piętowa, kolano skoczka</li>
<li>leczenia zespołów uciskowych nerwów obwodowych &#8211; zespół cieśni nadgarstka, zespół Guyona, zespół rowka nerwu łokciowego</li>
<li>iniekcji, ostrzyknięć i blokad pod kontrolą aparatu USG</li>
<li>iniekcje PRP &#8211; osocze bogatopłytkowe.</li>
</ul>
<p>W swojej pracy zawsze stara się stworzyć jak najlepszy kontakt z Pacjentem, a w stosowanej terapii wykorzystuje najnowocześniejsze osiągnięcia medycyny i nowoczesne metody terapeutyczne.[/vc_column_text][/vc_column][/vc_row][vc_row][vc_column][vc_empty_space height=&#8221;64px&#8221;][vc_custom_heading text=&#8221;Wizyty w Poradni ortopedii i traumatologii narządu ruchu&#8221; use_theme_fonts=&#8221;yes&#8221; rs_decor_place=&#8221;2&#8243;][/vc_custom_heading][vc_empty_space height=&#8221;64px&#8221;][/vc_column][/vc_row][vc_row][vc_column width=&#8221;1/2&#8243;][vc_column_text]</p>
<ul class="icn-list-lg">
<li>[medin_icon icon=&#8221;icon-placeholder-for-map-1&#8243;]ul. Wyspiańskiego 23, 22-600 Tomaszów Lubelski</li>
<li>[medin_icon icon=&#8221;icon-telephone-1&#8243;]Telefon: <span class="theme-color"><span class="text-nowrap">84-618-33-62</span></span></li>
<li>[medin_icon icon=&#8221;icon-telephone-1&#8243;]Telefon: <span class="theme-color"><span class="text-nowrap">84-641-37-03</span></span></li>
<li>[medin_icon icon=&#8221;icon-black-envelope&#8221;]<a href="mailto:tomaszowlubelski@e-okulistyka.pl">tomaszowlubelski@e-okulistyka.pl</a></li>
<li>[medin_icon icon=&#8221;icon-icon-3&#8243;]
<div>
<div class="d-flex">Poniedziałek &#8211; Czwartek<span class="ml-auto theme-color">7:00 &#8211; 15:00</span></div>
<div class="d-flex">Piątek<span class="ml-auto theme-color">7:00 &#8211; 19:00</span></div>
<div class="d-flex">Sobota<span class="ml-auto theme-color">nieczynne</span></div>
<div class="d-flex">Niedziela<span class="ml-auto theme-color">nieczynne</span></div>
</div>
</li>
</ul>
<p>[/vc_column_text][/vc_column][vc_column width=&#8221;1/2&#8243;][vc_column_text]</p>
<ul class="icn-list-lg">
<li>[medin_icon icon=&#8221;icon-placeholder-for-map-1&#8243;]ul. Piłsudskiego 63, 23-100 Bychawa</li>
<li>[medin_icon icon=&#8221;icon-telephone-1&#8243;]Telefon: <span class="theme-color"><span class="text-nowrap">81-566-27-97</span></span></li>
<li>[medin_icon icon=&#8221;icon-black-envelope&#8221;]<a href="mailto:bychawa@e-okulistyka.pl">bychawa@e-okulistyka.pl</a></li>
<li>[medin_icon icon=&#8221;icon-icon-3&#8243;]
<div>
<div class="d-flex">Poniedziałek &#8211; Piątek<span class="ml-auto theme-color">7:00 &#8211; 15:00</span></div>
<div class="d-flex">Sobota<span class="ml-auto theme-color">nieczynne</span></div>
<div class="d-flex">Niedziela<span class="ml-auto theme-color">nieczynne</span></div>
</div>
</li>
</ul>
<p>[/vc_column_text][/vc_column][/vc_row]</p>

<p>[vc_row][vc_column][vc_empty_space height=&#8221;64px&#8221;][vc_custom_heading text=&#8221;lek. Bartłomiej Sieńko &#8211; specjalista ortopedii i traumatologii narządu ruchu &#8211; Bychawa, Tomaszów Lubelski&#8221; use_theme_fonts=&#8221;yes&#8221; rs_decor_place=&#8221;2&#8243;][/vc_custom_heading][vc_empty_space height=&#8221;64px&#8221;][vc_column_text]Absolwent II Wydziału Lekarskiego Uniwersytetu Medycznego w Lublinie, członek Polskiego Towarzystwa Ortopedycznego i Traumatologicznego. Od 2015 roku pracuje w Oddziale Urazowo-Ortopedycznym w Janowie Lubelskim; początkowo jako lekarz rezydent, a obecnie na stanowisku lekarza specjalisty. Uczestnik licznych kursów [&hellip;]</p>
