{"id":3826,"date":"2022-05-19T13:27:06","date_gmt":"2022-05-19T11:27:06","guid":{"rendered":"https:\/\/e-okulistyka.pl\/?page_id=3826"},"modified":"2022-05-19T13:27:06","modified_gmt":"2022-05-19T11:27:06","slug":"pracownia-rtg","status":"publish","type":"page","link":"https:\/\/testtest.dfirma.pl\/index.php\/pracownia-rtg\/","title":{"rendered":"Pracownia RTG"},"content":{"rendered":"<p>[vc_row][vc_column][vc_empty_space][\/vc_column][\/vc_row][vc_row][vc_column width=&#8221;3\/4&#8243;][vc_column_text]RTG jest to kr\u00f3tkie i bezbolesne badanie obrazowe polegaj\u0105ce na prze\u015bwietlaniu danej cz\u0119\u015bci cia\u0142a pacjenta promieniami rentgenowskimi.<\/p>\n<p><em>Dzia\u0142aj\u0105c zgodnie z wymaganiami okre\u015blonymi w Art. 32c pkt. 2 Ustawy z dnia 29 listopada 2000 r. Prawo atomowe (tekst jednolity Dz.U. 2019, poz. 1792 oraz z 2020 r. poz. 284) informujemy, \u017ce w ci\u0105gu ostatnich 12 miesi\u0119cy nie odnotowano wp\u0142ywu prowadzonej dzia\u0142alno\u015bci na zdrowie ludzi i na \u015brodowisko, oraz \u017ce nie wyst\u0105pi\u0142y uwolnienia substancji promieniotw\u00f3rczych do \u015brodowiska w zwi\u0105zku z prowadzon\u0105 dzia\u0142alno\u015bci\u0105.<\/em><\/p>\n<p>[\/vc_column_text][\/vc_column][vc_column width=&#8221;1\/4&#8243;][vc_single_image image=&#8221;3828&#8243; img_size=&#8221;&#8221; style=&#8221;vc_box_shadow&#8221;][\/vc_single_image][vc_column_text rsclass=&#8221;clean&#8221;][\/vc_column_text][\/vc_column][\/vc_row]<\/p>\n","protected":false},"excerpt":{"rendered":"<p>[vc_row][vc_column][vc_empty_space][\/vc_column][\/vc_row][vc_row][vc_column width=&#8221;3\/4&#8243;][vc_column_text]RTG jest to kr\u00f3tkie i bezbolesne badanie obrazowe polegaj\u0105ce na prze\u015bwietlaniu danej cz\u0119\u015bci cia\u0142a pacjenta promieniami rentgenowskimi. Dzia\u0142aj\u0105c zgodnie z wymaganiami okre\u015blonymi w Art. 32c pkt. 2 Ustawy z dnia 29 listopada 2000 r. Prawo atomowe (tekst jednolity Dz.U. 2019, poz. 1792 oraz z 2020 r. poz. 284) informujemy, \u017ce w ci\u0105gu ostatnich 12 [&hellip;]<\/p>\n","protected":false},"author":2,"featured_media":0,"parent":0,"menu_order":0,"comment_status":"closed","ping_status":"closed","template":"custompagett.php","meta":{"footnotes":""},"class_list":["post-3826","page","type-page","status-publish","hentry"],"_links":{"self":[{"href":"https:\/\/testtest.dfirma.pl\/index.php\/wp-json\/wp\/v2\/pages\/3826","targetHints":{"allow":["GET"]}}],"collection":[{"href":"https:\/\/testtest.dfirma.pl\/index.php\/wp-json\/wp\/v2\/pages"}],"about":[{"href":"https:\/\/testtest.dfirma.pl\/index.php\/wp-json\/wp\/v2\/types\/page"}],"author":[{"embeddable":true,"href":"https:\/\/testtest.dfirma.pl\/index.php\/wp-json\/wp\/v2\/users\/2"}],"replies":[{"embeddable":true,"href":"https:\/\/testtest.dfirma.pl\/index.php\/wp-json\/wp\/v2\/comments?post=3826"}],"version-history":[{"count":0,"href":"https:\/\/testtest.dfirma.pl\/index.php\/wp-json\/wp\/v2\/pages\/3826\/revisions"}],"wp:attachment":[{"href":"https:\/\/testtest.dfirma.pl\/index.php\/wp-json\/wp\/v2\/media?parent=3826"}],"curies":[{"name":"wp","href":"https:\/\/api.w.org\/{rel}","templated":true}]}}