{"id":3796,"date":"2022-07-11T13:45:58","date_gmt":"2022-07-11T11:45:58","guid":{"rendered":"https:\/\/e-okulistyka.pl\/?page_id=3796"},"modified":"2022-07-11T13:45:58","modified_gmt":"2022-07-11T11:45:58","slug":"malformacje-naczyniowe-bychawa-diagnostyka-i-leczenie","status":"publish","type":"page","link":"https:\/\/testtest.dfirma.pl\/index.php\/malformacje-naczyniowe-bychawa-diagnostyka-i-leczenie\/","title":{"rendered":"Malformacje naczyniowe Bychawa &#8211; diagnostyka i leczenie"},"content":{"rendered":"<p>[vc_row][vc_column][vc_empty_space][vc_custom_heading text=&#8221;Malformacje i naczyniaki s\u0105 to wrodzone anomalie naczyniowe r\u00f3\u017cnego pochodzenia. Wi\u0119kszo\u015b\u0107 naczyniak\u00f3w ulega samoistnej inwolucji z pozostawieniem blizny, teleangiektazji lub naddatku sk\u00f3rnego. Malformacje naczyniowe nigdy nie zanikaj\u0105 i mog\u0105 ulega\u0107 hiperplazji lub guzkowemu przerostowi. Zabiegi wykonuje dr n. med. Ewa Szpringer na Oddziale Leczenia Jednego Dnia w Bychawie.&#8221; font_container=&#8221;tag:h3|text_align:left&#8221; use_theme_fonts=&#8221;yes&#8221; rs_decor_place=&#8221;2&#8243;][\/vc_custom_heading][vc_empty_space][vc_row_inner][vc_column_inner width=&#8221;1\/3&#8243;][vc_btn title=&#8221;DIAGNOSTYKA&#8221; style=&#8221;outline&#8221; shape=&#8221;round&#8221; color=&#8221;primary&#8221; size=&#8221;sm&#8221; align=&#8221;center&#8221; i_icon_fontawesome=&#8221;fas fa-stethoscope&#8221; button_block=&#8221;true&#8221; add_icon=&#8221;true&#8221; link=&#8221;url:%23diagnostyka&#8221;][\/vc_column_inner][vc_column_inner width=&#8221;1\/3&#8243;][vc_btn title=&#8221;LECZENIE&#8221; style=&#8221;outline&#8221; shape=&#8221;round&#8221; color=&#8221;primary&#8221; size=&#8221;sm&#8221; align=&#8221;center&#8221; i_icon_fontawesome=&#8221;fas fa-hospital&#8221; button_block=&#8221;true&#8221; add_icon=&#8221;true&#8221; link=&#8221;url:%23leczenie&#8221;][\/vc_column_inner][vc_column_inner width=&#8221;1\/3&#8243;][vc_btn title=&#8221;PO ZABIEGU&#8221; style=&#8221;outline&#8221; shape=&#8221;round&#8221; color=&#8221;primary&#8221; size=&#8221;sm&#8221; align=&#8221;center&#8221; i_icon_fontawesome=&#8221;fas fa-briefcase-medical&#8221; button_block=&#8221;true&#8221; add_icon=&#8221;true&#8221; link=&#8221;url:%23zalecenia&#8221;][\/vc_column_inner][\/vc_row_inner][vc_empty_space][\/vc_column][\/vc_row][vc_row el_id=&#8221;diagnostyka&#8221;][vc_column][vc_custom_heading text=&#8221;Rodzaje malformacji&#8221; font_container=&#8221;tag:h4|text_align:left&#8221; use_theme_fonts=&#8221;yes&#8221; rs_decor_place=&#8221;2&#8243;][\/vc_custom_heading][vc_column_text]Malformacje ze wzgl\u0119du na rodzaj utkania naczyniowego dzielimy na kapilarne (w\u0142osowate), \u017cylne, t\u0119tnicze, limfatyczne i mieszane. Malformacje mog\u0105 charakteryzowa\u0107 si\u0119 niskim lub wysokim przep\u0142ywem krwi w jej obr\u0119bie. Co wi\u0119cej malformacje mog\u0105 by\u0107 elementem zespo\u0142\u00f3w chorobowych np. Sturga-Webera, Klippla-Trenauneya-Webera, Cobba, zespo\u0142u von Hippla-Lindau.<\/p>\n<p>[\/vc_column_text][vc_empty_space][\/vc_column][\/vc_row][vc_row][vc_column width=&#8221;2\/3&#8243;][vc_column_text]Diagnostyka i r\u00f3\u017cnicowanie malformacji oraz naczyniak\u00f3w opiera si\u0119 na badaniu klinicznym, wywiadzie i USG. Konsultacje do zabiegu malformacji wykonywane s\u0105 w Klinice Laser Medic &#8211; Dermatologia i Kosmetologia w Lublinie na ul. Chod\u017aki 3 lok. 2.<\/p>\n<p>Na wizyt\u0119 mo\u017cna um\u00f3wi\u0107 si\u0119:<\/p>\n<ul class=\"icn-list-lg\">\n<li>[medin_icon icon=&#8221;icon-telephone-1&#8243;]Telefon: <span class=\"theme-color\"><span class=\"text-nowrap\">887-888-880<\/span><\/span><\/li>\n<li>[medin_icon icon=&#8221;icon-telephone-1&#8243;]Telefon: <span class=\"theme-color\"><span class=\"text-nowrap\">81-740-91-12 (wew.13)<\/span><\/span><\/li>\n<li>[medin_icon icon=&#8221;icon-black-envelope&#8221;]E-mail: <a href=\"mailto:lasermedic@vp.pl\">lasermedic@vp.pl<\/a><\/li>\n<\/ul>\n<ul class=\"icn-list-lg\">\n<li>[medin_icon icon=&#8221;icon-health-care&#8221;]Klinika Laser Medic &#8211; Dermatologia i Kosmetologia<\/li>\n<li>[medin_icon icon=&#8221;icon-placeholder-for-map-1&#8243;]ul. Chod\u017aki 3 lok. 2, 20-093 Lublin<\/li>\n<li>[medin_icon icon=&#8221;icon-icon-3&#8243;] Godziny otwarcia:\n<div class=\"d-flex\">Poniedzia\u0142ek<span class=\"ml-auto theme-color\">8:00 &#8211; 16:00<\/span><\/div>\n<div class=\"d-flex\">Wtorek<span class=\"ml-auto theme-color\">8:30 &#8211; 17:00<\/span><\/div>\n<div class=\"d-flex\">\u015aroda<span class=\"ml-auto theme-color\">8:30 &#8211; 18:00<\/span><\/div>\n<div class=\"d-flex\">Czwartek<span class=\"ml-auto theme-color\">8:30 &#8211; 17:00<\/span><\/div>\n<div class=\"d-flex\">Pi\u0105tek<span class=\"ml-auto theme-color\">8:30 &#8211; 18:30<\/span><\/div>\n<\/li>\n<\/ul>\n<p>[\/vc_column_text][vc_empty_space][\/vc_column][vc_column width=&#8221;1\/3&#8243;][vc_gmaps link=&#8221;#E-8_JTNDaWZyYW1lJTIwc3JjJTNEJTIyaHR0cHMlM0ElMkYlMkZ3d3cuZ29vZ2xlLmNvbSUyRm1hcHMlMkZlbWJlZCUzRnBiJTNEJTIxMW0xOCUyMTFtMTIlMjExbTMlMjExZDM3NDAuNzk2ODE1MDA5OTgzJTIxMmQyMi41NjM5OTU3ODYxNDU2MiUyMTNkNTEuMjYxNzU3MzE4NTAxOTElMjEybTMlMjExZjAlMjEyZjAlMjEzZjAlMjEzbTIlMjExaTEwMjQlMjEyaTc2OCUyMTRmMTMuMSUyMTNtMyUyMTFtMiUyMTFzMHg0NzIyNTc1MDAzOWQ0YmRkJTI1M0EweDJkZjYxZjRjOTM3NTE0ZjAlMjEyc0xhc2VyJTI1MjBNZWRpYy4lMjUyMERlcm1hdG9sb2dpYSUyNTIwaSUyNTIwa29zbWV0b2xvZ2lhLiUyNTIwU3pwcmluZ2VyJTI1MjBFLiUyNTJDJTI1MjBkciUyNTIwbmF1ayUyNTIwbWVkLiUyMTVlMCUyMTNtMiUyMTFzcGwlMjEyc3BsJTIxNHYxNjQ3ODA0OTc0MTg1JTIxNW0yJTIxMXNwbCUyMTJzcGwlMjIlMjB3aWR0aCUzRCUyMjQwMCUyMiUyMGhlaWdodCUzRCUyMjMwMCUyMiUyMHN0eWxlJTNEJTIyYm9yZGVyJTNBMCUzQiUyMiUyMGFsbG93ZnVsbHNjcmVlbiUzRCUyMiUyMiUyMGxvYWRpbmclM0QlMjJsYXp5JTIyJTNFJTNDJTJGaWZyYW1lJTNF&#8221; size=&#8221;large&#8221;][\/vc_column][\/vc_row][vc_row el_id=&#8221;leczenie&#8221;][vc_column][vc_custom_heading text=&#8221;Leczenie&#8221; font_container=&#8221;tag:h4|text_align:left&#8221; use_theme_fonts=&#8221;yes&#8221; rs_decor_place=&#8221;2&#8243;][\/vc_custom_heading][vc_column_text]W leczeniu malformacji kapilarnych stosuje si\u0119 laser pulsacyjno-barwnikowy o d\u0142ugo\u015bci fali 595nm. Dzi\u0119ki temu laseroterapia pozwala na cz\u0119\u015bciowe lub ca\u0142kowite usuni\u0119cie malformacji. Jednak ilo\u015b\u0107 zabieg\u00f3w uzale\u017cniona jest od wielko\u015bci zmiany, lokalizacji i jej g\u0142\u0119boko\u015bci. Bezpo\u015brednio po zabiegu na sk\u00f3rze pojawiaj\u0105 si\u0119 zasinienia w kszta\u0142cie pier\u015bcieni i k\u00f3\u0142ek. Zasinienia ust\u0119puj\u0105 w ci\u0105gu kilku do kilkunastu dni, stopniowo zmieniaj\u0105c barw\u0119 na ja\u015bniejsz\u0105. W miejscach poddanych zabiegowi mo\u017ce pojawi\u0107 si\u0119 obrz\u0119k, rzadko p\u0142yn surowiczy oraz pojedyncze strupki.<\/p>\n<p>Laseroterapia jest przeprowadzana laserem neodymowo-jagowo-barwnikowym, Cynergy, o d\u0142ugo\u015bci fali 595 nm z systemem ch\u0142odzenia DCD. W sk\u0142ad zespo\u0142u specjalist\u00f3w, kt\u00f3rzy b\u0119d\u0105 opiekowa\u0107 si\u0119 Pa\u0144stwa dzie\u0107mi w trakcie zabiegu i po nim, wchodz\u0105: dermatolog, anestezjolog, piel\u0119gniarki i w zale\u017cno\u015bci od potrzeby, okulista. Po wykonanym zabiegu, dzieci pozostaj\u0105 pod obserwacj\u0105 anestezjologa przez kilka godzin (zwyczajowo oko\u0142o 3 godzin), po czym bezpiecznie mog\u0105 uda\u0107 si\u0119 do domu z rodzicami.<\/p>\n<h5>Jak przygotowa\u0107 dziecko do zabiegu:<\/h5>\n<ol>\n<li>Badania z kt\u00f3rymi powinny zg\u0142osi\u0107 si\u0119 rodzice: morfologia krwi z rozmazem, analiza moczu, grupa krwi, waga dziecka, *rezonans magnetyczny (je\u015bli by\u0142 wykonany).<\/li>\n<li>Za\u015bwiadczenie od pediatry stwierdzaj\u0105ce, \u017ce dziecko mo\u017ce by\u0107 poddane narkozie oraz nie stwierdza si\u0119 u niego w chwili badania, cech jakichkolwiek infekcji.<\/li>\n<\/ol>\n<p><strong>Informacje dodatkowe:<\/strong><\/p>\n<ol>\n<li style=\"list-style-type: none;\">\n<ol>\n<li>W chwili przeprowadzenia zabiegu dziecko powinno by\u0107 ca\u0142kowicie zdrowe. Je\u015bli wyst\u0105pi\u0142a infekcja, czas jaki powinien up\u0142yn\u0105\u0107 pomi\u0119dzy infekcj\u0105 a zabiegiem, musi wynosi\u0107 2 tygodnie.<\/li>\n<li>Je\u017celi konieczne jest podanie lek\u00f3w stale przyjmowanych, w godzinach porannych, nale\u017cy poda\u0107 te leki jak najwcze\u015bniej z \u0142ykiem wody.<\/li>\n<li>Dziecko przed zabiegiem pozostaje na czczo. Ostatni posi\u0142ek: minimum 6 godzin przed zabiegiem, spo\u017cywanie napoj\u00f3w: minimum 4 godziny przed zabiegiem<\/li>\n<li>Dzieci po szczepieniu:<\/li>\n<\/ol>\n<\/li>\n<\/ol>\n<ul>\n<li style=\"list-style-type: none;\">\n<ul>\n<li style=\"list-style-type: none;\">\n<ul>\n<li>\u015bwinka, odra, r\u00f3\u017cyczka- znieczulenie po 3 tygodniach,<\/li>\n<li>polio doustne i gru\u017alica znieczulenie po 6 tygodniach,<\/li>\n<li>di-perte, hemophilus po 3 tygodniach.<\/li>\n<\/ul>\n<\/li>\n<\/ul>\n<\/li>\n<\/ul>\n<p>Lekarz anestezjolog spotka si\u0119 z Pa\u0144stwem przed zabiegiem, przeprowadzi wywiad, zbada dziecko i ostatecznie zakwalifikuje dziecko do narkozy. Przed zabiegiem rodzice powinni pisemnie wyrazi\u0107 zgod\u0119 na znieczulenie, przeprowadzenie zabiegu laserowego oraz ewentualnie na badanie okulistyczne.<\/p>\n<h4>Zapisy<\/h4>\n<p>Zapisy na zabiegi s\u0105 realizowane drog\u0105 e-mailow\u0105 \u2013 rejestracja@malformacja.eu lub telefonicznie pod nr 607-336-337 w godzinach 9-15.<\/p>\n<p>[\/vc_column_text][vc_empty_space][\/vc_column][\/vc_row][vc_row el_id=&#8221;zalecenia&#8221;][vc_column][vc_custom_heading text=&#8221;Zalecenia po zabiegu&#8221; font_container=&#8221;tag:h4|text_align:left&#8221; use_theme_fonts=&#8221;yes&#8221; rs_decor_place=&#8221;2&#8243;][\/vc_custom_heading][vc_column_text]Zalecenia po zabiegu obejmuj\u0105 ch\u0142odzenie miejsca zabiegowego przez 10-15 min, unikanie ekspozycji na s\u0142o\u0144ce i stosowanie filtr\u00f3w SPF50 przez 4 tyg. Po zabiegu mo\u017cna my\u0107 sk\u00f3r\u0119 \u015brodkami do piel\u0119gnacji sk\u00f3ry wra\u017cliwej oraz naczyniowej oraz u\u017cywa\u0107 kremu do cery naczynkowej zaleconego przez lekarza.<br \/>\nZabiegi laseroterapii laserem pulsacyjno-barwnikowym mo\u017cna wykonywa\u0107 w odst\u0119pach 8 tygodniowych, z wykluczeniem okresu letniego.<br \/>\n[\/vc_column_text][vc_empty_space][\/vc_column][\/vc_row][vc_row][vc_column][vc_column_text]Zapraszamy do zapoznania si\u0119 z zakresem \u015bwiadczonych us\u0142ug przez poradnie psychologiczne dla dzieci &gt; <a href=\"https:\/\/e-okulistyka.pl\/psycholog-bychawa-lublin\/\">kliknij tutaj.<\/a> Zobacz stron\u0119 POZ &gt; <a href=\"http:\/\/lekarzerodzinni.e-okulistyka.pl\/\">kliknij tutaj.<\/a>[\/vc_column_text][\/vc_column][\/vc_row]<\/p>\n","protected":false},"excerpt":{"rendered":"<p>[vc_row][vc_column][vc_empty_space][vc_custom_heading text=&#8221;Malformacje i naczyniaki s\u0105 to wrodzone anomalie naczyniowe r\u00f3\u017cnego pochodzenia. Wi\u0119kszo\u015b\u0107 naczyniak\u00f3w ulega samoistnej inwolucji z pozostawieniem blizny, teleangiektazji lub naddatku sk\u00f3rnego. Malformacje naczyniowe nigdy nie zanikaj\u0105 i mog\u0105 ulega\u0107 hiperplazji lub guzkowemu przerostowi. Zabiegi wykonuje dr n. med. Ewa Szpringer na Oddziale Leczenia Jednego Dnia w Bychawie.&#8221; font_container=&#8221;tag:h3|text_align:left&#8221; use_theme_fonts=&#8221;yes&#8221; rs_decor_place=&#8221;2&#8243;][\/vc_custom_heading][vc_empty_space][vc_row_inner][vc_column_inner width=&#8221;1\/3&#8243;][vc_btn title=&#8221;DIAGNOSTYKA&#8221; style=&#8221;outline&#8221; [&hellip;]<\/p>\n","protected":false},"author":2,"featured_media":0,"parent":0,"menu_order":0,"comment_status":"closed","ping_status":"closed","template":"custompagett.php","meta":{"footnotes":""},"class_list":["post-3796","page","type-page","status-publish","hentry"],"_links":{"self":[{"href":"https:\/\/testtest.dfirma.pl\/index.php\/wp-json\/wp\/v2\/pages\/3796","targetHints":{"allow":["GET"]}}],"collection":[{"href":"https:\/\/testtest.dfirma.pl\/index.php\/wp-json\/wp\/v2\/pages"}],"about":[{"href":"https:\/\/testtest.dfirma.pl\/index.php\/wp-json\/wp\/v2\/types\/page"}],"author":[{"embeddable":true,"href":"https:\/\/testtest.dfirma.pl\/index.php\/wp-json\/wp\/v2\/users\/2"}],"replies":[{"embeddable":true,"href":"https:\/\/testtest.dfirma.pl\/index.php\/wp-json\/wp\/v2\/comments?post=3796"}],"version-history":[{"count":0,"href":"https:\/\/testtest.dfirma.pl\/index.php\/wp-json\/wp\/v2\/pages\/3796\/revisions"}],"wp:attachment":[{"href":"https:\/\/testtest.dfirma.pl\/index.php\/wp-json\/wp\/v2\/media?parent=3796"}],"curies":[{"name":"wp","href":"https:\/\/api.w.org\/{rel}","templated":true}]}}

<p>[vc_row][vc_column][vc_empty_space][vc_custom_heading text=&#8221;Malformacje i naczyniaki są to wrodzone anomalie naczyniowe różnego pochodzenia. Większość naczyniaków ulega samoistnej inwolucji z pozostawieniem blizny, teleangiektazji lub naddatku skórnego. Malformacje naczyniowe nigdy nie zanikają i mogą ulegać hiperplazji lub guzkowemu przerostowi. Zabiegi wykonuje dr n. med. Ewa Szpringer na Oddziale Leczenia Jednego Dnia w Bychawie.&#8221; font_container=&#8221;tag:h3|text_align:left&#8221; use_theme_fonts=&#8221;yes&#8221; rs_decor_place=&#8221;2&#8243;][/vc_custom_heading][vc_empty_space][vc_row_inner][vc_column_inner width=&#8221;1/3&#8243;][vc_btn title=&#8221;DIAGNOSTYKA&#8221; style=&#8221;outline&#8221; shape=&#8221;round&#8221; color=&#8221;primary&#8221; size=&#8221;sm&#8221; align=&#8221;center&#8221; i_icon_fontawesome=&#8221;fas fa-stethoscope&#8221; button_block=&#8221;true&#8221; add_icon=&#8221;true&#8221; link=&#8221;url:%23diagnostyka&#8221;][/vc_column_inner][vc_column_inner width=&#8221;1/3&#8243;][vc_btn title=&#8221;LECZENIE&#8221; style=&#8221;outline&#8221; shape=&#8221;round&#8221; color=&#8221;primary&#8221; size=&#8221;sm&#8221; align=&#8221;center&#8221; i_icon_fontawesome=&#8221;fas fa-hospital&#8221; button_block=&#8221;true&#8221; add_icon=&#8221;true&#8221; link=&#8221;url:%23leczenie&#8221;][/vc_column_inner][vc_column_inner width=&#8221;1/3&#8243;][vc_btn title=&#8221;PO ZABIEGU&#8221; style=&#8221;outline&#8221; shape=&#8221;round&#8221; color=&#8221;primary&#8221; size=&#8221;sm&#8221; align=&#8221;center&#8221; i_icon_fontawesome=&#8221;fas fa-briefcase-medical&#8221; button_block=&#8221;true&#8221; add_icon=&#8221;true&#8221; link=&#8221;url:%23zalecenia&#8221;][/vc_column_inner][/vc_row_inner][vc_empty_space][/vc_column][/vc_row][vc_row el_id=&#8221;diagnostyka&#8221;][vc_column][vc_custom_heading text=&#8221;Rodzaje malformacji&#8221; font_container=&#8221;tag:h4|text_align:left&#8221; use_theme_fonts=&#8221;yes&#8221; rs_decor_place=&#8221;2&#8243;][/vc_custom_heading][vc_column_text]Malformacje ze względu na rodzaj utkania naczyniowego dzielimy na kapilarne (włosowate), żylne, tętnicze, limfatyczne i mieszane. Malformacje mogą charakteryzować się niskim lub wysokim przepływem krwi w jej obrębie. Co więcej malformacje mogą być elementem zespołów chorobowych np. Sturga-Webera, Klippla-Trenauneya-Webera, Cobba, zespołu von Hippla-Lindau.</p>
<p>[/vc_column_text][vc_empty_space][/vc_column][/vc_row][vc_row][vc_column width=&#8221;2/3&#8243;][vc_column_text]Diagnostyka i różnicowanie malformacji oraz naczyniaków opiera się na badaniu klinicznym, wywiadzie i USG. Konsultacje do zabiegu malformacji wykonywane są w Klinice Laser Medic &#8211; Dermatologia i Kosmetologia w Lublinie na ul. Chodźki 3 lok. 2.</p>
<p>Na wizytę można umówić się:</p>
<ul class="icn-list-lg">
<li>[medin_icon icon=&#8221;icon-telephone-1&#8243;]Telefon: <span class="theme-color"><span class="text-nowrap">887-888-880</span></span></li>
<li>[medin_icon icon=&#8221;icon-telephone-1&#8243;]Telefon: <span class="theme-color"><span class="text-nowrap">81-740-91-12 (wew.13)</span></span></li>
<li>[medin_icon icon=&#8221;icon-black-envelope&#8221;]E-mail: <a href="mailto:lasermedic@vp.pl">lasermedic@vp.pl</a></li>
</ul>
<ul class="icn-list-lg">
<li>[medin_icon icon=&#8221;icon-health-care&#8221;]Klinika Laser Medic &#8211; Dermatologia i Kosmetologia</li>
<li>[medin_icon icon=&#8221;icon-placeholder-for-map-1&#8243;]ul. Chodźki 3 lok. 2, 20-093 Lublin</li>
<li>[medin_icon icon=&#8221;icon-icon-3&#8243;] Godziny otwarcia:
<div class="d-flex">Poniedziałek<span class="ml-auto theme-color">8:00 &#8211; 16:00</span></div>
<div class="d-flex">Wtorek<span class="ml-auto theme-color">8:30 &#8211; 17:00</span></div>
<div class="d-flex">Środa<span class="ml-auto theme-color">8:30 &#8211; 18:00</span></div>
<div class="d-flex">Czwartek<span class="ml-auto theme-color">8:30 &#8211; 17:00</span></div>
<div class="d-flex">Piątek<span class="ml-auto theme-color">8:30 &#8211; 18:30</span></div>
</li>
</ul>
<p>[/vc_column_text][vc_empty_space][/vc_column][vc_column width=&#8221;1/3&#8243;][vc_gmaps link=&#8221;#E-8_JTNDaWZyYW1lJTIwc3JjJTNEJTIyaHR0cHMlM0ElMkYlMkZ3d3cuZ29vZ2xlLmNvbSUyRm1hcHMlMkZlbWJlZCUzRnBiJTNEJTIxMW0xOCUyMTFtMTIlMjExbTMlMjExZDM3NDAuNzk2ODE1MDA5OTgzJTIxMmQyMi41NjM5OTU3ODYxNDU2MiUyMTNkNTEuMjYxNzU3MzE4NTAxOTElMjEybTMlMjExZjAlMjEyZjAlMjEzZjAlMjEzbTIlMjExaTEwMjQlMjEyaTc2OCUyMTRmMTMuMSUyMTNtMyUyMTFtMiUyMTFzMHg0NzIyNTc1MDAzOWQ0YmRkJTI1M0EweDJkZjYxZjRjOTM3NTE0ZjAlMjEyc0xhc2VyJTI1MjBNZWRpYy4lMjUyMERlcm1hdG9sb2dpYSUyNTIwaSUyNTIwa29zbWV0b2xvZ2lhLiUyNTIwU3pwcmluZ2VyJTI1MjBFLiUyNTJDJTI1MjBkciUyNTIwbmF1ayUyNTIwbWVkLiUyMTVlMCUyMTNtMiUyMTFzcGwlMjEyc3BsJTIxNHYxNjQ3ODA0OTc0MTg1JTIxNW0yJTIxMXNwbCUyMTJzcGwlMjIlMjB3aWR0aCUzRCUyMjQwMCUyMiUyMGhlaWdodCUzRCUyMjMwMCUyMiUyMHN0eWxlJTNEJTIyYm9yZGVyJTNBMCUzQiUyMiUyMGFsbG93ZnVsbHNjcmVlbiUzRCUyMiUyMiUyMGxvYWRpbmclM0QlMjJsYXp5JTIyJTNFJTNDJTJGaWZyYW1lJTNF&#8221; size=&#8221;large&#8221;][/vc_column][/vc_row][vc_row el_id=&#8221;leczenie&#8221;][vc_column][vc_custom_heading text=&#8221;Leczenie&#8221; font_container=&#8221;tag:h4|text_align:left&#8221; use_theme_fonts=&#8221;yes&#8221; rs_decor_place=&#8221;2&#8243;][/vc_custom_heading][vc_column_text]W leczeniu malformacji kapilarnych stosuje się laser pulsacyjno-barwnikowy o długości fali 595nm. Dzięki temu laseroterapia pozwala na częściowe lub całkowite usunięcie malformacji. Jednak ilość zabiegów uzależniona jest od wielkości zmiany, lokalizacji i jej głębokości. Bezpośrednio po zabiegu na skórze pojawiają się zasinienia w kształcie pierścieni i kółek. Zasinienia ustępują w ciągu kilku do kilkunastu dni, stopniowo zmieniając barwę na jaśniejszą. W miejscach poddanych zabiegowi może pojawić się obrzęk, rzadko płyn surowiczy oraz pojedyncze strupki.</p>
<p>Laseroterapia jest przeprowadzana laserem neodymowo-jagowo-barwnikowym, Cynergy, o długości fali 595 nm z systemem chłodzenia DCD. W skład zespołu specjalistów, którzy będą opiekować się Państwa dziećmi w trakcie zabiegu i po nim, wchodzą: dermatolog, anestezjolog, pielęgniarki i w zależności od potrzeby, okulista. Po wykonanym zabiegu, dzieci pozostają pod obserwacją anestezjologa przez kilka godzin (zwyczajowo około 3 godzin), po czym bezpiecznie mogą udać się do domu z rodzicami.</p>
<h5>Jak przygotować dziecko do zabiegu:</h5>
<ol>
<li>Badania z którymi powinny zgłosić się rodzice: morfologia krwi z rozmazem, analiza moczu, grupa krwi, waga dziecka, *rezonans magnetyczny (jeśli był wykonany).</li>
<li>Zaświadczenie od pediatry stwierdzające, że dziecko może być poddane narkozie oraz nie stwierdza się u niego w chwili badania, cech jakichkolwiek infekcji.</li>
</ol>
<p><strong>Informacje dodatkowe:</strong></p>
<ol>
<li style="list-style-type: none;">
<ol>
<li>W chwili przeprowadzenia zabiegu dziecko powinno być całkowicie zdrowe. Jeśli wystąpiła infekcja, czas jaki powinien upłynąć pomiędzy infekcją a zabiegiem, musi wynosić 2 tygodnie.</li>
<li>Jeżeli konieczne jest podanie leków stale przyjmowanych, w godzinach porannych, należy podać te leki jak najwcześniej z łykiem wody.</li>
<li>Dziecko przed zabiegiem pozostaje na czczo. Ostatni posiłek: minimum 6 godzin przed zabiegiem, spożywanie napojów: minimum 4 godziny przed zabiegiem</li>
<li>Dzieci po szczepieniu:</li>
</ol>
</li>
</ol>
<ul>
<li style="list-style-type: none;">
<ul>
<li style="list-style-type: none;">
<ul>
<li>świnka, odra, różyczka- znieczulenie po 3 tygodniach,</li>
<li>polio doustne i gruźlica znieczulenie po 6 tygodniach,</li>
<li>di-perte, hemophilus po 3 tygodniach.</li>
</ul>
</li>
</ul>
</li>
</ul>
<p>Lekarz anestezjolog spotka się z Państwem przed zabiegiem, przeprowadzi wywiad, zbada dziecko i ostatecznie zakwalifikuje dziecko do narkozy. Przed zabiegiem rodzice powinni pisemnie wyrazić zgodę na znieczulenie, przeprowadzenie zabiegu laserowego oraz ewentualnie na badanie okulistyczne.</p>
<h4>Zapisy</h4>
<p>Zapisy na zabiegi są realizowane drogą e-mailową – rejestracja@malformacja.eu lub telefonicznie pod nr 607-336-337 w godzinach 9-15.</p>
<p>[/vc_column_text][vc_empty_space][/vc_column][/vc_row][vc_row el_id=&#8221;zalecenia&#8221;][vc_column][vc_custom_heading text=&#8221;Zalecenia po zabiegu&#8221; font_container=&#8221;tag:h4|text_align:left&#8221; use_theme_fonts=&#8221;yes&#8221; rs_decor_place=&#8221;2&#8243;][/vc_custom_heading][vc_column_text]Zalecenia po zabiegu obejmują chłodzenie miejsca zabiegowego przez 10-15 min, unikanie ekspozycji na słońce i stosowanie filtrów SPF50 przez 4 tyg. Po zabiegu można myć skórę środkami do pielęgnacji skóry wrażliwej oraz naczyniowej oraz używać kremu do cery naczynkowej zaleconego przez lekarza.<br />
Zabiegi laseroterapii laserem pulsacyjno-barwnikowym można wykonywać w odstępach 8 tygodniowych, z wykluczeniem okresu letniego.<br />
[/vc_column_text][vc_empty_space][/vc_column][/vc_row][vc_row][vc_column][vc_column_text]Zapraszamy do zapoznania się z zakresem świadczonych usług przez poradnie psychologiczne dla dzieci &gt; <a href="https://e-okulistyka.pl/psycholog-bychawa-lublin/">kliknij tutaj.</a> Zobacz stronę POZ &gt; <a href="http://lekarzerodzinni.e-okulistyka.pl/">kliknij tutaj.</a>[/vc_column_text][/vc_column][/vc_row]</p>

<p>[vc_row][vc_column][vc_empty_space][vc_custom_heading text=&#8221;Malformacje i naczyniaki są to wrodzone anomalie naczyniowe różnego pochodzenia. Większość naczyniaków ulega samoistnej inwolucji z pozostawieniem blizny, teleangiektazji lub naddatku skórnego. Malformacje naczyniowe nigdy nie zanikają i mogą ulegać hiperplazji lub guzkowemu przerostowi. Zabiegi wykonuje dr n. med. Ewa Szpringer na Oddziale Leczenia Jednego Dnia w Bychawie.&#8221; font_container=&#8221;tag:h3|text_align:left&#8221; use_theme_fonts=&#8221;yes&#8221; rs_decor_place=&#8221;2&#8243;][/vc_custom_heading][vc_empty_space][vc_row_inner][vc_column_inner width=&#8221;1/3&#8243;][vc_btn title=&#8221;DIAGNOSTYKA&#8221; style=&#8221;outline&#8221; [&hellip;]</p>
