{"id":3387,"date":"2021-12-06T13:17:17","date_gmt":"2021-12-06T12:17:17","guid":{"rendered":"https:\/\/e-okulistyka.pl\/?page_id=3387"},"modified":"2021-12-06T13:17:17","modified_gmt":"2021-12-06T12:17:17","slug":"poradnia-psychologiczna-dla-doroslych","status":"publish","type":"page","link":"https:\/\/testtest.dfirma.pl\/index.php\/poradnia-psychologiczna-dla-doroslych\/","title":{"rendered":"Poradnia psychologiczna dla doros\u0142ych"},"content":{"rendered":"<p>[vc_row][vc_column][vc_empty_space height=&#8221;64px&#8221;][vc_custom_heading text=&#8221;S\u0142owem wst\u0119pu&#8221; font_container=&#8221;tag:h2|text_align:center&#8221; use_theme_fonts=&#8221;yes&#8221; rs_decor_place=&#8221;2&#8243;][\/vc_custom_heading][vc_empty_space][\/vc_column][\/vc_row][vc_row][vc_column][vc_column_text]Ka\u017cdy z nas do\u015bwiadczy\u0142 b\u0105d\u017a do\u015bwiadcza trudnych moment\u00f3w w \u017cyciu, z kt\u00f3rymi czasem radzi sobie lepiej, czasami gorzej. Konsultacja psychologiczna mo\u017ce przybiera\u0107 r\u00f3\u017cne formy np. je\u015bli czujesz, \u017ce masz k\u0142opot z konkretnym problemem, zach\u0119camy do konsultacji z psychologiem w formie porady, kt\u00f3ra skoncentrowana jest na poszukiwaniu innych ni\u017c dotychczas metod przezwyci\u0119\u017cania trudno\u015bci. Ponadto szczeg\u00f3\u0142owo zostaj\u0105 om\u00f3wione sposoby jakimi dotychczas pr\u00f3bowa\u0142e\u015b\/a\u015b poradzi\u0107 sobie z danym k\u0142opotem. By\u0107 mo\u017ce wystarczy tylko ma\u0142a modyfikacja twoich pomys\u0142\u00f3w aby uzyska\u0107 wymarzony rezultat.<\/p>\n<p>[\/vc_column_text][\/vc_column][\/vc_row][vc_row][vc_column][vc_empty_space height=&#8221;64px&#8221;][vc_custom_heading text=&#8221;O nas&#8221; font_container=&#8221;tag:h2|text_align:center&#8221; use_theme_fonts=&#8221;yes&#8221; rs_decor_place=&#8221;2&#8243;][\/vc_custom_heading][vc_empty_space][\/vc_column][\/vc_row][vc_row][vc_column][vc_column_text]Nasza poradnia powsta\u0142a w my\u015bl\u0105 i w trosce o zdrowie psychiczne os\u00f3b doros\u0142ych. Stworzyli\u015bmy zesp\u00f3\u0142 do\u015bwiadczonych i wykwalifikowanych psycholog\u00f3w i psychoterapeut\u00f3w, kt\u00f3rzy oferuj\u0105 pomoc zar\u00f3wno w ramach pracy gabinetowej jak i pracy online. G\u0142\u00f3wn\u0105 form\u0105 pracy oferowan\u0105 w ramach plac\u00f3wki jest psychoterapia indywidualna i pomoc psychologiczna.<\/p>\n<p>Psychoterapia jest form\u0105 leczenia, kt\u00f3ra ma na celu popraw\u0119 jako\u015bci \u017cycia i usuni\u0119cie zg\u0142aszanych objaw\u00f3w. To psychologiczna metoda leczenia zaburze\u0144 psychicznych, trudno\u015bci emocjonalnych oraz zachowa\u0144 problematycznych. Dzi\u0119ki wielu specjalistom z dziedziny psychoterapii mo\u017cemy Pa\u0144stwu zaoferowa\u0107 leczenie w nurcie psychodynamicznym jak i poznawczo-behawiorlanym. W\u0142a\u015bciw\u0105 form\u0119 leczenia dobior\u0105 Pa\u0144stwo w trakcie konsultacji z Naszym specjalist\u0105.<\/p>\n<p>[\/vc_column_text][\/vc_column][\/vc_row][vc_row][vc_column][vc_empty_space height=&#8221;64px&#8221;][vc_custom_heading text=&#8221;Oferta&#8221; font_container=&#8221;tag:h2|text_align:center&#8221; use_theme_fonts=&#8221;yes&#8221; rs_decor_place=&#8221;2&#8243;][\/vc_custom_heading][vc_empty_space][\/vc_column][\/vc_row][vc_row][vc_column][vc_custom_heading text=&#8221;Nasz\u0105 ofert\u0119 psychoterapeutyczn\u0105 kierujemy do os\u00f3b doros\u0142ych zmagaj\u0105cych si\u0119 z m.in.:&#8221; font_container=&#8221;tag:h5|text_align:left&#8221; use_theme_fonts=&#8221;yes&#8221; rs_decor_place=&#8221;2&#8243;][\/vc_custom_heading][vc_column_text]<\/p>\n<ul>\n<li>zaburzeniami l\u0119kowymi, w tym mi\u0119dzy innymi: fobi\u0105, napadami paniki, zespo\u0142em l\u0119ku uog\u00f3lnionego, l\u0119kiem spo\u0142ecznym, zaburzeniem obsesyjno-kompulsyjnym<\/li>\n<li>depresj\u0105<\/li>\n<li>zaburzeniami w relacjach mi\u0119dzyludzkich<\/li>\n<li>zakupoholizmem<\/li>\n<li>zdrad\u0105 w zwi\u0105zku<\/li>\n<li>\u017calem po stracie<\/li>\n<li>problemami ze snem<\/li>\n<li>zaburzeniami od\u017cywiania<\/li>\n<li>zaburzeniami osobowo\u015bci<\/li>\n<li>zespo\u0142em stresu pourazowego<\/li>\n<li>chorob\u0105 afektywn\u0105 dwubiegunow\u0105<\/li>\n<li>l\u0119kiem o zdrowie (hipochondri\u0105)<\/li>\n<li>chorob\u0105 psychosomatyczn\u0105<\/li>\n<li>przewlek\u0142\u0105 chorob\u0105 somatyczn\u0105<\/li>\n<li>innymi problemami natury psychologicznej w tym zwi\u0105zanymi z powik\u0142aniami po okresie izolacji spo\u0142ecznej zwi\u0105zanej z pandemi\u0105 COVID-19<\/li>\n<\/ul>\n<p><strong>Psychologowie oraz psychoterapeuci<\/strong> stosuj\u0105 si\u0119 do Kodeksu Etyczno-Zawodowego Psychologa oraz Psychoterapeuty, przestrzegaj\u0105 tajemnicy zawodowej \u2013 <strong>dbaj\u0105c o dyskrecj\u0119<\/strong>.<\/p>\n<p>[\/vc_column_text][\/vc_column][\/vc_row][vc_row el_id=&#8221;kontakt&#8221;][vc_column][vc_empty_space height=&#8221;64px&#8221;][vc_custom_heading text=&#8221;Nasi Specjali\u015bci&#8221; font_container=&#8221;tag:h2|text_align:center&#8221; use_theme_fonts=&#8221;yes&#8221; rs_decor_place=&#8221;2&#8243;][\/vc_custom_heading][vc_empty_space][\/vc_column][\/vc_row][vc_row][vc_column width=&#8221;2\/3&#8243;][vc_custom_heading text=&#8221;Specjali\u015bci udzielaj\u0105cy \u015bwiadczenia w Lublinie:&#8221; font_container=&#8221;tag:h5|text_align:left&#8221; use_theme_fonts=&#8221;yes&#8221; rs_decor_place=&#8221;2&#8243;][\/vc_custom_heading][vc_column_text rsclass=&#8221;clean&#8221;]<\/p>\n<ul>\n<li>Adrian Rubaj<\/li>\n<li>Adrianna Lalak \u2013 W\u0142osek<\/li>\n<li>Agnieszka Harnatkiewicz \u2013 Roso\u0142owska<\/li>\n<li>Aleksandra Kielch<\/li>\n<li>Aleksandra Przygrodzka<\/li>\n<li>Aneta Choj\u0119ta<\/li>\n<li>Anita Milanowska<\/li>\n<li>Anna Chemperek<\/li>\n<li>Anna Jab\u0142o\u0144ska<\/li>\n<li>Anna Kopczy\u0144ska<\/li>\n<li>Barbara Kufel-Blaszkiewicz<\/li>\n<li>Dominika Cynar<\/li>\n<li>Dorota Marsza\u0142ek<\/li>\n<li>Dorota Sikora<\/li>\n<li>Igor Dyjak<\/li>\n<li>Jaros\u0142aw Marsza\u0142ek<\/li>\n<li>Justyna Mielniczek<\/li>\n<li>Karolina Koper<\/li>\n<li>Karolina Sobiesiak<\/li>\n<li>Katarzyna \u015awider<\/li>\n<li>Magdalena Pietnoczko<\/li>\n<li>Marek Szo\u0142dra<\/li>\n<li>Marta G\u0105ga\u0142a<\/li>\n<li>Marta Kozak<\/li>\n<li>Milena Pyzikowska<\/li>\n<li>Paulina Szabelska<\/li>\n<li>Sylwia K\u0119dra<\/li>\n<\/ul>\n<p>[\/vc_column_text][\/vc_column][vc_column width=&#8221;1\/3&#8243;][vc_custom_heading text=&#8221;Kontakt:&#8221; font_container=&#8221;tag:h5|text_align:left&#8221; use_theme_fonts=&#8221;yes&#8221; rs_decor_place=&#8221;2&#8243;][\/vc_custom_heading][vc_column_text rsclass=&#8221;clean&#8221;]<\/p>\n<ul class=\"icn-list-lg\">\n<li>[medin_icon icon=&#8221;icon-placeholder-for-map-1&#8243;]ul. Mickiewicza 28, 20-443 Lublin<\/li>\n<li>[medin_icon icon=&#8221;icon-telephone-1&#8243;]Telefon: <span class=\"theme-color\"><span class=\"text-nowrap\">535-711-744<\/span><\/span><\/li>\n<li>[medin_icon icon=&#8221;icon-telephone-1&#8243;]Telefon: <span class=\"theme-color\"><span class=\"text-nowrap\">81-478-73-83<\/span><\/span><\/li>\n<li>[medin_icon icon=&#8221;icon-black-envelope&#8221;]<a href=\"mailto:pozmickiewicza@e-okulistyka.pl\">pozmickiewicza@e-okulistyka.pl<\/a><\/li>\n<\/ul>\n<p>[\/vc_column_text][\/vc_column][\/vc_row]<\/p>\n","protected":false},"excerpt":{"rendered":"<p>[vc_row][vc_column][vc_empty_space height=&#8221;64px&#8221;][vc_custom_heading text=&#8221;S\u0142owem wst\u0119pu&#8221; font_container=&#8221;tag:h2|text_align:center&#8221; use_theme_fonts=&#8221;yes&#8221; rs_decor_place=&#8221;2&#8243;][\/vc_custom_heading][vc_empty_space][\/vc_column][\/vc_row][vc_row][vc_column][vc_column_text]Ka\u017cdy z nas do\u015bwiadczy\u0142 b\u0105d\u017a do\u015bwiadcza trudnych moment\u00f3w w \u017cyciu, z kt\u00f3rymi czasem radzi sobie lepiej, czasami gorzej. Konsultacja psychologiczna mo\u017ce przybiera\u0107 r\u00f3\u017cne formy np. je\u015bli czujesz, \u017ce masz k\u0142opot z konkretnym problemem, zach\u0119camy do konsultacji z psychologiem w formie porady, kt\u00f3ra skoncentrowana jest na poszukiwaniu innych ni\u017c dotychczas [&hellip;]<\/p>\n","protected":false},"author":2,"featured_media":0,"parent":0,"menu_order":0,"comment_status":"closed","ping_status":"closed","template":"custompagett.php","meta":{"footnotes":""},"class_list":["post-3387","page","type-page","status-publish","hentry"],"_links":{"self":[{"href":"https:\/\/testtest.dfirma.pl\/index.php\/wp-json\/wp\/v2\/pages\/3387","targetHints":{"allow":["GET"]}}],"collection":[{"href":"https:\/\/testtest.dfirma.pl\/index.php\/wp-json\/wp\/v2\/pages"}],"about":[{"href":"https:\/\/testtest.dfirma.pl\/index.php\/wp-json\/wp\/v2\/types\/page"}],"author":[{"embeddable":true,"href":"https:\/\/testtest.dfirma.pl\/index.php\/wp-json\/wp\/v2\/users\/2"}],"replies":[{"embeddable":true,"href":"https:\/\/testtest.dfirma.pl\/index.php\/wp-json\/wp\/v2\/comments?post=3387"}],"version-history":[{"count":0,"href":"https:\/\/testtest.dfirma.pl\/index.php\/wp-json\/wp\/v2\/pages\/3387\/revisions"}],"wp:attachment":[{"href":"https:\/\/testtest.dfirma.pl\/index.php\/wp-json\/wp\/v2\/media?parent=3387"}],"curies":[{"name":"wp","href":"https:\/\/api.w.org\/{rel}","templated":true}]}}

Poradnia psychologiczna dla dorosłych

<p>[vc_row][vc_column][vc_empty_space height=&#8221;64px&#8221;][vc_custom_heading text=&#8221;Słowem wstępu&#8221; font_container=&#8221;tag:h2|text_align:center&#8221; use_theme_fonts=&#8221;yes&#8221; rs_decor_place=&#8221;2&#8243;][/vc_custom_heading][vc_empty_space][/vc_column][/vc_row][vc_row][vc_column][vc_column_text]Każdy z nas doświadczył bądź doświadcza trudnych momentów w życiu, z którymi czasem radzi sobie lepiej, czasami gorzej. Konsultacja psychologiczna może przybierać różne formy np. jeśli czujesz, że masz kłopot z konkretnym problemem, zachęcamy do konsultacji z psychologiem w formie porady, która skoncentrowana jest na poszukiwaniu innych niż dotychczas metod przezwyciężania trudności. Ponadto szczegółowo zostają omówione sposoby jakimi dotychczas próbowałeś/aś poradzić sobie z danym kłopotem. Być może wystarczy tylko mała modyfikacja twoich pomysłów aby uzyskać wymarzony rezultat.</p>
<p>[/vc_column_text][/vc_column][/vc_row][vc_row][vc_column][vc_empty_space height=&#8221;64px&#8221;][vc_custom_heading text=&#8221;O nas&#8221; font_container=&#8221;tag:h2|text_align:center&#8221; use_theme_fonts=&#8221;yes&#8221; rs_decor_place=&#8221;2&#8243;][/vc_custom_heading][vc_empty_space][/vc_column][/vc_row][vc_row][vc_column][vc_column_text]Nasza poradnia powstała w myślą i w trosce o zdrowie psychiczne osób dorosłych. Stworzyliśmy zespół doświadczonych i wykwalifikowanych psychologów i psychoterapeutów, którzy oferują pomoc zarówno w ramach pracy gabinetowej jak i pracy online. Główną formą pracy oferowaną w ramach placówki jest psychoterapia indywidualna i pomoc psychologiczna.</p>
<p>Psychoterapia jest formą leczenia, która ma na celu poprawę jakości życia i usunięcie zgłaszanych objawów. To psychologiczna metoda leczenia zaburzeń psychicznych, trudności emocjonalnych oraz zachowań problematycznych. Dzięki wielu specjalistom z dziedziny psychoterapii możemy Państwu zaoferować leczenie w nurcie psychodynamicznym jak i poznawczo-behawiorlanym. Właściwą formę leczenia dobiorą Państwo w trakcie konsultacji z Naszym specjalistą.</p>
<p>[/vc_column_text][/vc_column][/vc_row][vc_row][vc_column][vc_empty_space height=&#8221;64px&#8221;][vc_custom_heading text=&#8221;Oferta&#8221; font_container=&#8221;tag:h2|text_align:center&#8221; use_theme_fonts=&#8221;yes&#8221; rs_decor_place=&#8221;2&#8243;][/vc_custom_heading][vc_empty_space][/vc_column][/vc_row][vc_row][vc_column][vc_custom_heading text=&#8221;Naszą ofertę psychoterapeutyczną kierujemy do osób dorosłych zmagających się z m.in.:&#8221; font_container=&#8221;tag:h5|text_align:left&#8221; use_theme_fonts=&#8221;yes&#8221; rs_decor_place=&#8221;2&#8243;][/vc_custom_heading][vc_column_text]</p>
<ul>
<li>zaburzeniami lękowymi, w tym między innymi: fobią, napadami paniki, zespołem lęku uogólnionego, lękiem społecznym, zaburzeniem obsesyjno-kompulsyjnym</li>
<li>depresją</li>
<li>zaburzeniami w relacjach międzyludzkich</li>
<li>zakupoholizmem</li>
<li>zdradą w związku</li>
<li>żalem po stracie</li>
<li>problemami ze snem</li>
<li>zaburzeniami odżywiania</li>
<li>zaburzeniami osobowości</li>
<li>zespołem stresu pourazowego</li>
<li>chorobą afektywną dwubiegunową</li>
<li>lękiem o zdrowie (hipochondrią)</li>
<li>chorobą psychosomatyczną</li>
<li>przewlekłą chorobą somatyczną</li>
<li>innymi problemami natury psychologicznej w tym związanymi z powikłaniami po okresie izolacji społecznej związanej z pandemią COVID-19</li>
</ul>
<p><strong>Psychologowie oraz psychoterapeuci</strong> stosują się do Kodeksu Etyczno-Zawodowego Psychologa oraz Psychoterapeuty, przestrzegają tajemnicy zawodowej – <strong>dbając o dyskrecję</strong>.</p>
<p>[/vc_column_text][/vc_column][/vc_row][vc_row el_id=&#8221;kontakt&#8221;][vc_column][vc_empty_space height=&#8221;64px&#8221;][vc_custom_heading text=&#8221;Nasi Specjaliści&#8221; font_container=&#8221;tag:h2|text_align:center&#8221; use_theme_fonts=&#8221;yes&#8221; rs_decor_place=&#8221;2&#8243;][/vc_custom_heading][vc_empty_space][/vc_column][/vc_row][vc_row][vc_column width=&#8221;2/3&#8243;][vc_custom_heading text=&#8221;Specjaliści udzielający świadczenia w Lublinie:&#8221; font_container=&#8221;tag:h5|text_align:left&#8221; use_theme_fonts=&#8221;yes&#8221; rs_decor_place=&#8221;2&#8243;][/vc_custom_heading][vc_column_text rsclass=&#8221;clean&#8221;]</p>
<ul>
<li>Adrian Rubaj</li>
<li>Adrianna Lalak – Włosek</li>
<li>Agnieszka Harnatkiewicz – Rosołowska</li>
<li>Aleksandra Kielch</li>
<li>Aleksandra Przygrodzka</li>
<li>Aneta Chojęta</li>
<li>Anita Milanowska</li>
<li>Anna Chemperek</li>
<li>Anna Jabłońska</li>
<li>Anna Kopczyńska</li>
<li>Barbara Kufel-Blaszkiewicz</li>
<li>Dominika Cynar</li>
<li>Dorota Marszałek</li>
<li>Dorota Sikora</li>
<li>Igor Dyjak</li>
<li>Jarosław Marszałek</li>
<li>Justyna Mielniczek</li>
<li>Karolina Koper</li>
<li>Karolina Sobiesiak</li>
<li>Katarzyna Świder</li>
<li>Magdalena Pietnoczko</li>
<li>Marek Szołdra</li>
<li>Marta Gągała</li>
<li>Marta Kozak</li>
<li>Milena Pyzikowska</li>
<li>Paulina Szabelska</li>
<li>Sylwia Kędra</li>
</ul>
<p>[/vc_column_text][/vc_column][vc_column width=&#8221;1/3&#8243;][vc_custom_heading text=&#8221;Kontakt:&#8221; font_container=&#8221;tag:h5|text_align:left&#8221; use_theme_fonts=&#8221;yes&#8221; rs_decor_place=&#8221;2&#8243;][/vc_custom_heading][vc_column_text rsclass=&#8221;clean&#8221;]</p>
<ul class="icn-list-lg">
<li>[medin_icon icon=&#8221;icon-placeholder-for-map-1&#8243;]ul. Mickiewicza 28, 20-443 Lublin</li>
<li>[medin_icon icon=&#8221;icon-telephone-1&#8243;]Telefon: <span class="theme-color"><span class="text-nowrap">535-711-744</span></span></li>
<li>[medin_icon icon=&#8221;icon-telephone-1&#8243;]Telefon: <span class="theme-color"><span class="text-nowrap">81-478-73-83</span></span></li>
<li>[medin_icon icon=&#8221;icon-black-envelope&#8221;]<a href="mailto:pozmickiewicza@e-okulistyka.pl">pozmickiewicza@e-okulistyka.pl</a></li>
</ul>
<p>[/vc_column_text][/vc_column][/vc_row]</p>

<p>[vc_row][vc_column][vc_empty_space height=&#8221;64px&#8221;][vc_custom_heading text=&#8221;Słowem wstępu&#8221; font_container=&#8221;tag:h2|text_align:center&#8221; use_theme_fonts=&#8221;yes&#8221; rs_decor_place=&#8221;2&#8243;][/vc_custom_heading][vc_empty_space][/vc_column][/vc_row][vc_row][vc_column][vc_column_text]Każdy z nas doświadczył bądź doświadcza trudnych momentów w życiu, z którymi czasem radzi sobie lepiej, czasami gorzej. Konsultacja psychologiczna może przybierać różne formy np. jeśli czujesz, że masz kłopot z konkretnym problemem, zachęcamy do konsultacji z psychologiem w formie porady, która skoncentrowana jest na poszukiwaniu innych niż dotychczas [&hellip;]</p>
