{"id":2507,"date":"2021-05-03T14:01:48","date_gmt":"2021-05-03T12:01:48","guid":{"rendered":"https:\/\/e-okulistyka.pl\/?page_id=2507"},"modified":"2021-05-03T14:01:48","modified_gmt":"2021-05-03T12:01:48","slug":"plasmage-technologia-plazmy","status":"publish","type":"page","link":"https:\/\/testtest.dfirma.pl\/index.php\/plasmage-technologia-plazmy\/","title":{"rendered":"PLASMAGE &#8211; Technologia plazmy"},"content":{"rendered":"<p>[vc_row][vc_column width=&#8221;2\/3&#8243;][vc_column_text rsclass=&#8221;clean&#8221;]PLASMAGE to nowoczesne urz\u0105dzenie, kt\u00f3re do dzia\u0142ania wykorzystuje zjawisko plazmy, czyli zjonizowanej materii, kt\u00f3ra stanem skupienia przypomina gaz. Jej zastosowanie opiera si\u0119 na wyst\u0119powaniu zjawiska \u0142uku elektrycznego, powoduj\u0105cego wytworzenie wysokiej temperatury w danym miejscu, w wyniku kt\u00f3rej dochodzi do sublimacji, czyli odparowania zmian sk\u00f3rnych.<\/p>\n<p>PLASMAGE jest jednym z najbardziej innowacyjnych osi\u0105gni\u0119\u0107 w dziedzinie medycyny estetycznej. Dzia\u0142a punktowo, tylko w miejscu kt\u00f3re poddawane jest leczeniu, dlatego nie powoduje uszkodzenia zdrowych tkanek i nie narusza g\u0142\u0119bszych warstw sk\u00f3ry. PLASMAGE jest alternatyw\u0105 dla zabieg\u00f3w z u\u017cyciem skalpela i igie\u0142. Jest bezpieczny tak\u017ce dla os\u00f3b, kt\u00f3re nie mog\u0105 korzysta\u0107 z zabieg\u00f3w powoduj\u0105cych przep\u0142yw pr\u0105du w g\u0142\u0105b cia\u0142a.<\/p>\n<p>Technologia plazmy jest wykorzystywana w korekcji niezaawansowanej wiotko\u015bci powiek, leczeniu zmarszczek na szyi, a tak\u017ce usuwania zmian sk\u00f3rnych takich jak brodawki, w\u0142\u00f3kniaki, prosaki oraz \u017c\u00f3\u0142taki). Skuteczno\u015b\u0107 tej metody jest bardzo wysoka, a jednocze\u015bnie bezinwazyjna. Celem przeprowadzenia zabiegu leczony obszar sk\u00f3ry jest znieczulany przy pomocy specjalnego kremu. Czas jego wykonywania zale\u017cny jest od miejsca oraz wielko\u015bci zmian, kt\u00f3re poddawane s\u0105 leczeniu. Po zako\u0144czonym zabiegu pacjenci dostrzegaj\u0105 obrz\u0119k oraz zaczerwienienie sk\u00f3ry, kt\u00f3re ust\u0119puj\u0105 w ci\u0105gu najbli\u017cszych 4-7 dni. PLASMAGE nie pozostawia blizn, ani innych trwa\u0142ych \u015blad\u00f3w. Po jego wykonaniu mo\u017cna powr\u00f3ci\u0107 do codziennych aktywno\u015bci.<br \/>\n[\/vc_column_text][\/vc_column][vc_column width=&#8221;1\/3&#8243;][vc_single_image image=&#8221;2680&#8243; img_size=&#8221;medium&#8221; alignment=&#8221;center&#8221; style=&#8221;vc_box_rounded&#8221;][\/vc_single_image][\/vc_column][vc_column][vc_empty_space][\/vc_column][\/vc_row][vc_row][vc_column][vc_tta_accordion style=&#8221;modern&#8221; active_section=&#8221;1&#8243;][vc_tta_section title=&#8221;Zalety&#8221; tab_id=&#8221;1620042467928-70758aa2-cef7&#8243;][vc_column_text rsclass=&#8221;clean&#8221;]<\/p>\n<ul>\n<li>bezinwazyjno\u015b\u0107<\/li>\n<li>precyzyjno\u015b\u0107 &#8211; dzia\u0142a w wybranym obszarze sk\u00f3ry<\/li>\n<li>szybkie efekty<\/li>\n<li>nie wy\u0142\u0105cza z codziennej aktywno\u015bci<\/li>\n<li>bezpieczny dla os\u00f3b z wszczepionym rozrusznikiem serca<\/li>\n<\/ul>\n<p>[\/vc_column_text][\/vc_tta_section][vc_tta_section title=&#8221;Zastosowanie&#8221; tab_id=&#8221;1620042467945-d3ade70e-637f&#8221;][vc_column_text]<\/p>\n<ul>\n<li>podniesienie g\u00f3rnej powieki<\/li>\n<li>likwidacja work\u00f3w pod oczami<\/li>\n<li>redukcja kurzych \u0142apek<\/li>\n<li>korekta zmarszczek szyi<\/li>\n<li>usuwanie zmian sk\u00f3rnych \u017c\u00f3\u0142tak\u00f3w, w\u0142\u00f3kniak\u00f3w, grad\u00f3wek<\/li>\n<\/ul>\n<p>[\/vc_column_text][\/vc_tta_section][vc_tta_section title=&#8221;Przeciwwskazania&#8221; tab_id=&#8221;1620042956774-3796a985-c60d&#8221;][vc_column_text]<\/p>\n<ul>\n<li>ci\u0105\u017ca i karmienie piersi\u0105<\/li>\n<li>aktywne stany zapalne i infekcje<\/li>\n<li>choroby sk\u00f3rne<\/li>\n<li>choroby autoimmunologiczne<\/li>\n<\/ul>\n<p>[\/vc_column_text][\/vc_tta_section][\/vc_tta_accordion][\/vc_column][\/vc_row][vc_row][vc_column][vc_empty_space][\/vc_column][\/vc_row][vc_row][vc_column][vc_custom_heading text=&#8221;Charakterystyka zabieg\u00f3w&#8221; font_container=&#8221;tag:h2|text_align:center&#8221; use_theme_fonts=&#8221;yes&#8221; rs_decor_place=&#8221;2&#8243;][\/vc_custom_heading][vc_empty_space][vc_tta_accordion][vc_tta_section title=&#8221;Korekta powiek&#8221; tab_id=&#8221;1620044347837-49eccb14-a8aa&#8221;][vc_column_text]Opadaj\u0105ce powieki mog\u0105 by\u0107 wrodzon\u0105 cech\u0105 wygl\u0105du lub wynikiem utraty spr\u0119\u017cysto\u015bci w tym obszarze, co jest naturaln\u0105 oznak\u0105 starzenia. Z wiekiem zmniejsza si\u0119 bowiem ilo\u015b\u0107 w\u0142\u00f3kien kolagenowych, przez co sk\u00f3ra traci j\u0119drno\u015b\u0107 i spr\u0119\u017cysto\u015b\u0107. Zauwa\u017calne jest to szczeg\u00f3lnie w delikatnych obszarach, takich jak oczy. Utrata elastyczno\u015bci sk\u00f3ry w tym miejscu objawia si\u0119 cz\u0119sto r\u00f3wnie\u017c powstawaniem tzw. \u201ework\u00f3w&#8221; na dolnej powiece. Zar\u00f3wno one, jak i opadaj\u0105ce powieki sprawiaj\u0105, \u017ce twarz nabiera zm\u0119czonego i smutnego wygl\u0105du. Dodaj\u0105 tak\u017ce wizualnie lat, a w przypadku kobiet utrudniaj\u0105 r\u00f3wnie\u017c wykonanie makija\u017cu oka.<\/p>\n<p>Plasmage to innowacyjna technika korekty powiek, kt\u00f3ra dzia\u0142a tylko punktowo i nie wymaga nak\u0142uwania. G\u0142owica urz\u0105dzania emituje impulsy powoduj\u0105c wyst\u0105pienie \u0142uku elektrycznego, w kt\u00f3rego obszarze powstaje plazma. Wysoka temperatura pobudza tkanki do stymulacji naturalnych proces\u00f3w odbudowy i wzmocnienia sk\u00f3ry. PLASMAGE dzia\u0142a tylko na poziomie nask\u00f3rka, nie powoduj\u0105c uszkodze\u0144 g\u0142\u0119bszych zmian sk\u00f3rnych i nie naruszaj\u0105c zdrowych tkanek. Zabieg wykonywany jest przy pe\u0142nej ruchomo\u015bci powiek. Plazma generowana przez urz\u0105dzenie powoduje powstanie niewielkich punkt\u00f3w na sk\u00f3rze w odst\u0119pach 0,5 mm. Podczas zabiegu pacjent mo\u017ce otwiera\u0107 oczy &#8211; w ten spos\u00f3b lekarz jest w stanie precyzyjniej operowa\u0107 na delikatnej sk\u00f3rze powiek. Zaleca si\u0119 2-3 powt\u00f3rzenia co 8 -12 tygodni, aby uzyska\u0107 optymalny efekt.<\/p>\n<p>PLASMAGE jest bezinwazyjn\u0105 alternatyw\u0105 dla zabieg\u00f3w chirurgicznych. Skuteczno\u015b\u0107 tej metody jest bardzo wysoka przy zaawansowaniu wiotko\u015bci na poziomie poni\u017cej operacyjnego. Zabieg wykonuje si\u0119 go po zastosowaniu znieczulenia miejscowego w postaci specjalnego kremu przeciwb\u00f3lowego lub czasami nasi\u0119kowego. Po zako\u0144czeniu zabiegu wi\u0119kszo\u015b\u0107 pacjent\u00f3w zauwa\u017ca jedynie obrz\u0119k , kt\u00f3ry ust\u0119puj\u0105 zwykle do 7 dni. Zaczerwienienie powiek mo\u017ce utrzymywa\u0107 si\u0119 do kilku tygodni, ale jest \u0142atwo korygowalne makija\u017cem. Fachowo przeprowadzona procedura PLASMAGE nie pozostawia na sk\u00f3rze blizn, ani innych trwa\u0142ych \u015blad\u00f3w.<\/p>\n<p>[\/vc_column_text][\/vc_tta_section][vc_tta_section title=&#8221;Korekta kurzych \u0142apek&#8221; tab_id=&#8221;1620044347862-0cb5ff14-bf95&#8243;][vc_column_text]Kurze \u0142apki to nic innego, jak zmarszczki mimiczne w zewn\u0119trznych k\u0105cikach oczu. Powstaj\u0105 na wskutek aktywno\u015bci delikatnych mi\u0119\u015bni wok\u00f3\u0142 oczu i widoczne s\u0105 najbardziej, gdy si\u0119 u\u015bmiechamy. U m\u0142odych os\u00f3b s\u0105 ma\u0142o wyra\u017ane, wraz z wiekiem jednak utrwalaj\u0105 si\u0119 i staj\u0105 si\u0119 g\u0142\u0119bsze. Za powstawanie kurzych \u0142apek odpowiedzialne s\u0105 r\u00f3wnie\u017c inne czynniki, nie tylko wyra\u017canie emocji. Do najcz\u0119stszych z nich mo\u017cna zaliczy\u0107 palenie papieros\u00f3w, ekspozycj\u0119 na s\u0142o\u0144ce, niewystarczaj\u0105ce nawodnienie czy utrat\u0119 kolagenu. Kurze \u0142apki \u0142atwo naby\u0107, jednak trudniej si\u0119 ich pozby\u0107. Krem pod oczy lub serum pomaga w prewencji, jednak do redukcji kurzych \u0142apek najlepiej sprawdzaj\u0105 si\u0119 w\u0142a\u015bciwie dobrane zabiegi.<\/p>\n<p>Nie tylko lifting chirurgiczny jest w stanie zniwelowa\u0107 kurze \u0142apki. Du\u017c\u0105 skuteczno\u015bci\u0105 ciesz\u0105 si\u0119 zabiegi medycyny estetycznej. W\u015br\u00f3d nich mo\u017cna wyr\u00f3\u017cni\u0107 zabieg z zastosowaniem technologii plazmy, kt\u00f3ry jest alternatyw\u0105 dla skalpela, lasera a nawet neuromodulatora. Efekt g\u0142adkiej sk\u00f3ry pojawia si\u0119 po kilku tygodniach od zabiegu.<\/p>\n<p>PLASMAGE, czyli urz\u0105dzenie stosowane do likwidacji zmarszczek wok\u00f3\u0142 oczu, wykorzystuje zjawisko plazmy, oferuj\u0105c nieinwazyjny i bezbolesny spos\u00f3b na pozbycie si\u0119 niedoskona\u0142o\u015bci. Urz\u0105dzenie dzia\u0142a bardzo precyzyjnie i dok\u0142adnie zmienia obszar sk\u00f3ry, na kt\u00f3rym wyst\u0119puje problem estetyczny.<\/p>\n<p>Sam zabieg trwa zwykle oko\u0142o 20 minut, a gojenie sk\u00f3ry zajmuje 4-7 dni. U wi\u0119kszo\u015bci u pacjent\u00f3w rezultat jest widoczny ju\u017c po pierwszym zabiegu, jednak dla lepszego efektu zalecane s\u0105 2-3 powt\u00f3rzenia w odst\u0119pie 6 tygodni.<\/p>\n<p>[\/vc_column_text][\/vc_tta_section][vc_tta_section title=&#8221;Korekta zmarszczek szyi&#8221; tab_id=&#8221;1620044625066-9ea54a93-340e&#8221;][vc_column_text]Zmarszczki na szyi mog\u0105 pojawia\u0107 si\u0119 nawet w m\u0142odym wieku, poniewa\u017c sk\u00f3ra w tym obszarze jest bardzo delikatna. W\u0142a\u015bnie dlatego zaleca si\u0119 dbanie o szyj\u0119 z tak\u0105 sam\u0105 dok\u0142adno\u015bci\u0105 jak o twarz. Niestety nawet najskuteczniejsza piel\u0119gnacja nie jest w stanie ca\u0142kowicie zapobiec powstawaniu zmarszczek w tym obszarze. Ruchy g\u0142ow\u0105, d\u0142ugotrwa\u0142a praca w tej samej pozycji czy po prostu starzenie tkanki sprawiaj\u0105, \u017ce wraz z wiekiem za\u0142amania na sk\u00f3rze zaczn\u0105 si\u0119 pojawia\u0107.<\/p>\n<p>Istnieje wiele zabieg\u00f3w na pozbycie si\u0119 zmarszczek. Jednym z najbardziej innowacyjnych i skutecznych sposob\u00f3w jest wykorzystanie plazmy, czyli czwartego stanu skupienia materii. Wykorzystuje si\u0119 do tego PLASMAGE &#8211; jedno z najnowocze\u015bniejszych i najbardziej przyjaznych urz\u0105dze\u0144 jakie stosowane s\u0105 w medycynie estetycznej. Z jego pomoc\u0105 mo\u017cna zredukowa\u0107 zmarszczki g\u0142\u00f3wnie w okolicy oczu, ale tak\u017ce na szyi. Poniewa\u017c szyja posiada du\u017c\u0105 powierzchni\u0119, stosuje si\u0119 w jej przypadku inne parametry ni\u017c podczas zabiegu na powieki.<\/p>\n<p>W trakcie zabiegu generowana jest mikrowi\u0105zka plazmy, kt\u00f3ra powoduje powstanie niewielkich punkt\u00f3w na sk\u00f3rze, w wyniku kt\u00f3rych dochodzi do sublimacji nask\u00f3rka. Plazma dzia\u0142a tylko punktowo w leczonym miejscu. Otaczaj\u0105ce tkanki oraz g\u0142\u0119bsze warstwy sk\u00f3ry zostaj\u0105 nienaruszone. Zabieg jest polecany w szczeg\u00f3lno\u015bci tym pacjentom, kt\u00f3rzy nie mog\u0105 by\u0107 poddawani zabiegom z zastosowaniem urz\u0105dze\u0144, kt\u00f3re powoduj\u0105 przep\u0142yw pr\u0105du wewn\u0105trz cia\u0142a.<\/p>\n<p>Zabiegi z u\u017cyciem PLASMAGE trwaj\u0105 kr\u00f3tko i oferuj\u0105 dobre efekty. Dzi\u0119ki nim mo\u017cna sp\u0142yci\u0107 zmarszczki, pozby\u0107 si\u0119 nadmiaru sk\u00f3ry i uelastyczni\u0107 okolice szyi. Stan sk\u00f3ry po zabiegu r\u00f3wnie\u017c ulega znacznej poprawie.<\/p>\n<p>[\/vc_column_text][\/vc_tta_section][vc_tta_section title=&#8221;Usuwanie \u017c\u00f3\u0142tak\u00f3w, w\u0142\u00f3kniak\u00f3w, grad\u00f3wek&#8221; tab_id=&#8221;1620044681510-1badfdc3-5c29&#8243;][vc_column_text]PLASMAGE pozwala na bezinwazyjne usuwanie zmian sk\u00f3rnych i niedoskona\u0142o\u015bci. Urz\u0105dzenie wykorzystuje do dzia\u0142ania mikrowi\u0105zki plazmy, kt\u00f3re pracuj\u0105 jedynie w obszarze nask\u00f3rka, nie uszkadzaj\u0105c g\u0142\u0119bszych warstw sk\u00f3ry. Zabieg stanowi doskona\u0142\u0105 alternatyw\u0119 w leczeniu problem\u00f3w, kt\u00f3re do tej pory wymaga\u0142y ingerencji chirurgicznej.<\/p>\n<p>Procedura opiera si\u0119 na wyst\u0119powaniu zjawiska \u0142uku elektrycznego. Powoduje on miejscowe wytworzenie wysokiej temperatury, kt\u00f3ra skutkuje odparowaniem zmian sk\u00f3rnych. Zakres dzia\u0142ania tego urz\u0105dzenia obejmuje nie tylko redukcj\u0119 zmarszczek i korekt\u0119 powiek, ale r\u00f3wnie\u017c usuwanie zmian sk\u00f3rnych takich jak \u017c\u00f3\u0142taki, w\u0142\u00f3kniaki czy grad\u00f3wki.<\/p>\n<p>Plazma dzia\u0142a punktowo, dok\u0142adnie w tym miejscu, kt\u00f3re jest poddawane zabiegowi, dlatego pozwala upora\u0107 si\u0119 z konkretn\u0105 zmian\u0105 sk\u00f3rn\u0105 nie powoduj\u0105c naruszenia otaczaj\u0105cych j\u0105 tkanek. Nie uszkadza tak\u017ce g\u0142\u0119bszych warstw sk\u00f3ry, dzi\u0119ki czemu nie powoduje krwawienia. Zabieg mo\u017cna bezpiecznie wykonywa\u0107 nawet w najbardziej wra\u017cliwych i delikatnych obszarach, takich jak okolice oka. Pacjent nie musi martwi\u0107 si\u0119, \u017ce po jego wykonaniu pozostan\u0105 szpec\u0105ce blizny czy inne widoczne \u015blady na sk\u00f3rze.<br \/>\n[\/vc_column_text][\/vc_tta_section][\/vc_tta_accordion][\/vc_column][\/vc_row]<\/p>\n","protected":false},"excerpt":{"rendered":"<p>[vc_row][vc_column width=&#8221;2\/3&#8243;][vc_column_text rsclass=&#8221;clean&#8221;]PLASMAGE to nowoczesne urz\u0105dzenie, kt\u00f3re do dzia\u0142ania wykorzystuje zjawisko plazmy, czyli zjonizowanej materii, kt\u00f3ra stanem skupienia przypomina gaz. Jej zastosowanie opiera si\u0119 na wyst\u0119powaniu zjawiska \u0142uku elektrycznego, powoduj\u0105cego wytworzenie wysokiej temperatury w danym miejscu, w wyniku kt\u00f3rej dochodzi do sublimacji, czyli odparowania zmian sk\u00f3rnych. PLASMAGE jest jednym z najbardziej innowacyjnych osi\u0105gni\u0119\u0107 w dziedzinie [&hellip;]<\/p>\n","protected":false},"author":2,"featured_media":0,"parent":0,"menu_order":0,"comment_status":"closed","ping_status":"closed","template":"","meta":{"footnotes":""},"class_list":["post-2507","page","type-page","status-publish","hentry"],"_links":{"self":[{"href":"https:\/\/testtest.dfirma.pl\/index.php\/wp-json\/wp\/v2\/pages\/2507","targetHints":{"allow":["GET"]}}],"collection":[{"href":"https:\/\/testtest.dfirma.pl\/index.php\/wp-json\/wp\/v2\/pages"}],"about":[{"href":"https:\/\/testtest.dfirma.pl\/index.php\/wp-json\/wp\/v2\/types\/page"}],"author":[{"embeddable":true,"href":"https:\/\/testtest.dfirma.pl\/index.php\/wp-json\/wp\/v2\/users\/2"}],"replies":[{"embeddable":true,"href":"https:\/\/testtest.dfirma.pl\/index.php\/wp-json\/wp\/v2\/comments?post=2507"}],"version-history":[{"count":0,"href":"https:\/\/testtest.dfirma.pl\/index.php\/wp-json\/wp\/v2\/pages\/2507\/revisions"}],"wp:attachment":[{"href":"https:\/\/testtest.dfirma.pl\/index.php\/wp-json\/wp\/v2\/media?parent=2507"}],"curies":[{"name":"wp","href":"https:\/\/api.w.org\/{rel}","templated":true}]}}